{"id":20492,"date":"2020-02-05T05:13:36","date_gmt":"2020-02-05T10:13:36","guid":{"rendered":"https:\/\/www.spreadshop.com\/blog\/?p=20492"},"modified":"2020-02-05T05:13:36","modified_gmt":"2020-02-05T10:13:36","slug":"hvorfor-aendrer-spreadshop-sin-afregningsmodel","status":"publish","type":"page","link":"https:\/\/www.spreadshop.com\/blog\/hvorfor-aendrer-spreadshop-sin-afregningsmodel\/","title":{"rendered":"Hvorfor \u00e6ndrer Spreadshop sin afregningsmodel?"},"content":{"rendered":"<p><strong>Hvorfor \u00e6ndrer Spreadshop sin afregningsmodel?<\/strong><\/p>\n<p>I de kommende m\u00e5neder udvider vi din shops sortiment betydeligt &#8211; s\u00e6rligt med prisbillige produkter som f.eks. stickers. Og til det er vores aktuelle afregningsmodel for ufleksibel. Kombinationen af designpris, affiliate provision og bonus tillader for enkelte produkttyper ikke konkurrencedygtige priser. Det har vi \u00e6ndret med den nye afregningsmodel.<\/p>\n<p><strong>Hvorfor bliver intropriserne bedre med den nye afregningsmodel?<\/strong><\/p>\n<p>Vi tilpasser bonus og afskaffer b\u00e5de designpris og affiliate provision. Designprisen var med den gamle afregningsmodel hoved\u00e5rsagen til de h\u00f8je basispriser.<\/p>\n<p><u>Et eksempel:<\/u> Lad os tage en T-shirt med en indk\u00f8bspris p\u00e5 100 DKK. Til indk\u00f8bsprisen blev der hidtil lagt affiliate provision p\u00e5 20 % og endelig den h\u00f8jest mulige bonus p\u00e5 40 %. Prisen for T-shirten kom dermed op p\u00e5 168 DKK. Problemet: Kun de f\u00e6rreste shopindehavere kom j\u00e6vnligt op p\u00e5 det h\u00f8jeste bonustrin. Men alligevel var vi n\u00f8dt til at indkalkulere det for alle salg. Hertil kommer udgifterne til rabatkampagner. Derfor indkalkulerede vi i gennemsnit 15 %, hvormed prisen for T-shirten kom helt op p\u00e5 190 DKK.<\/p>\n<p><u>Hvad er det nye her?<\/u> Affiliate provision eksisterer ikke l\u00e6ngere i den nye afregningsmodel. Derfor kan vi fremover tilbyde forskellige produkttyper til ekstra gode intropriser. Vi l\u00e6gger st\u00e6rkt ud i \u00e5r med stickers.<\/p>\n<p><strong>Hvad er forskellen p\u00e5 den gamle designpris og den nye margin? <\/strong><\/p>\n<p>Med den gamle designpris bestemte du, hvor meget kunderne skulle betale for et design &#8211; uafh\u00e6ngigt af produktet. P\u00e5 den m\u00e5de blev din salgsprovision defineret af designet, ikke af produktet. Nu vender vi logikken. I fremtiden fasts\u00e6tter du som udgangspunkt selv den pris, som kunderne skal betale for dine shopprodukter, og din salgsprovision beregnes p\u00e5 grundlag af differencen p\u00e5 basispris og kundernes pris: Din margin.<\/p>\n<div class='wp-caption aligncenter sprd-caption'>\n<div class='wp-caption-inner'><picture><img src='https:\/\/images.spreadshop.com\/image\/upload\/f_auto,q_70,t_postImgF_d\/v1622823712\/blog\/1_dk_kjb59h.jpg' alt=''\/><\/picture><\/div>\n<\/div>\n<p>P\u00e5 den m\u00e5de virkeligg\u00f8r vi \u00f8nsket om mere kontrol med og ansvar for dine shops. Nu kan du som udgangspunkt selv fasts\u00e6tte dine priser og dermed n\u00e5 endnu mere pr\u00e6cist ud til dine m\u00e5lgrupper.<\/p>\n<p><strong>Kommer mine indt\u00e6gter til at falde?<\/strong><\/p>\n<p>Vi har designet den nye afregningsmodel s\u00e5dan, at de allerfleste shopindehavere kan regne med en sammenlignelig afregning. Da de to afregningsmodeller dog er helt forskellige, og fordi vi fremover kun arbejder med <a href=\"https:\/\/help.spreadshop.com\/hc\/da\/articles\/360011203179\">syv bonustrin<\/a> og ikke 30 som i den gamle model, s\u00e5 vil der selvf\u00f8lgelig v\u00e6re afledte effekter b\u00e5de opad og nedad. Afh\u00e6ngigt af produktsammens\u00e6tningen kan de afledte effekter v\u00e6re svagere eller st\u00e6rkere. Derfor f\u00e5r du ogs\u00e5 tre uger inden overgangen til den nye afregningsmodel til at <a href=\"https:\/\/partner.spreadshirt.dk\/login\">tjekke din produktsammens\u00e6tning<\/a>. Priserne og dermed din margin kan du altid \u00e6ndre &#8211; hvis og n\u00e5r det passer dig.<\/p>\n<p><strong>Hvordan fasts\u00e6tter jeg de nye priser i min shop?<\/strong><\/p>\n<p>Log ind p\u00e5 dit <a href=\"https:\/\/partner.spreadshirt.dk\/dashboard\">Partneromr\u00e5de<\/a>. I shopmenuen finder du det nye menupunkt &#8220;Priser &amp; rabatter&#8221;. Under &#8220;Priser&#8221; har du mulighed for at fasts\u00e6tte prisen for hvert enkelt produkt i din shops valuta. Vi foresl\u00e5r dig en pris for hvert produkt. Den kan du s\u00e5 v\u00e6lge, men det er helt op til dig. <strong>Med introduktionen af den nye afregningsmodel den 2. marts 2020 vil de nye priser v\u00e6re g\u00e6ldende i alle dine shops.<\/strong> V\u00e6r opm\u00e6rksom p\u00e5, at du skal tilpasse priserne for alle dine shops separat.<\/p>\n<div class='wp-caption aligncenter sprd-caption'>\n<div class='wp-caption-inner'><picture><img src='https:\/\/images.spreadshop.com\/image\/upload\/f_auto,q_70,t_postImgF_d\/v1622900428\/blog\/productprice_1_chaeta.jpg' alt=''\/><\/picture><\/div>\n<\/div>\n<p>Helt generelt: Du kan \u00e6ndre priserne, som du vil &#8211; n\u00e5r det passer dig. V\u00e6r blot opm\u00e6rksom p\u00e5, at det kan tage op til 30 minutter, f\u00f8r de nye priser vises i din shop. Det h\u00e6nger sammen med cachen i vores systemer.<\/p>\n<p><strong>Hvilken indflydelse har bonus p\u00e5 min margen?<\/strong><\/p>\n<p>Vi bel\u00f8nner shopindehavere med en bonus, hvis de s\u00e6lger ekstraordin\u00e6rt mange produkter i deres shops. Der er 7 bonustrin. N\u00e5r et nyt trin er n\u00e5et, s\u00e6nkes basispriserne for de fleste produkter med tilbagevirkende kraft i den aktuelle kalenderm\u00e5ned. Ved u\u00e6ndrede priser \u00f8ges dermed din salgsprovision, der udbetales som bonus til dig med den n\u00e6ste afregning. Det f\u00f8rste bonustrin starter ved 50 solgte artikler.<\/p>\n<div class=\"table-responsive\">\n<table class=\"table table-bordered\">\n<thead>\n<tr>\n<td width=\"113\">Trin 1<\/td>\n<td width=\"161\">\u00a0\u00a0\u00a0 50-249<\/td>\n<\/tr>\n<tr>\n<td width=\"113\">Trin 2<\/td>\n<td width=\"161\">\u00a0\u00a0\u00a0 250-499<\/td>\n<\/tr>\n<tr>\n<td width=\"113\">Trin 3<\/td>\n<td width=\"161\">\u00a0\u00a0\u00a0 500-999<\/td>\n<\/tr>\n<tr>\n<td width=\"113\">Trin 4<\/td>\n<td width=\"161\">\u00a0\u00a0\u00a0 1.000-2.499<\/td>\n<\/tr>\n<tr>\n<td width=\"113\">Trin 5<\/td>\n<td width=\"161\">\u00a0\u00a0\u00a0 2.500-4.999<\/td>\n<\/tr>\n<tr>\n<td width=\"113\">Trin 6<\/td>\n<td width=\"161\">\u00a0\u00a0\u00a0 5.000-9.999<\/td>\n<\/tr>\n<tr>\n<td width=\"113\">Trin 7<\/td>\n<td width=\"161\">\u00a0\u00a0\u00a0 10.000+<\/td>\n<\/tr>\n<\/thead>\n<\/table>\n<\/div>\n<p>Et eksempel: Det er den 13. april, og der er to dage til den n\u00e6ste sk\u00e6ringsdato for din udbetaling. I marts har du solgt 300 premiumshirts til herrer, 2 premiumshirts til damer, 250 krus og 40 lang\u00e6rmede T-shirts til herrer. I alt giver det 592 produkter Alts\u00e5 er du n\u00e5et op p\u00e5 trin 3. Dermed s\u00e6nkes basisprisen p\u00e5 alle de produkter, som er kvalificeret til bonus &#8211; pr\u00e6cis hvor meget kan du se i denne <a href=\"https:\/\/docs.google.com\/spreadsheets\/d\/1cnzxnl7peylMxvArze4PoyYnXUH8Yv_YtIVcL3ghpBs\/edit?usp=sharing\">oversigt<\/a>. I den f\u00f8lgende afregningsm\u00e5ned starter opt\u00e6llingen forfra.<\/p>\n<p>Enkelte produkter er undtaget fra bonus, det vil sige, at de ikke t\u00e6lles med. Det drejer sig om i forvejen billige produkter, for hvilke en reduktion af basisprisen ikke giver mening. Fra den<strong> 1. marts<\/strong> vil de nye bonusregler g\u00e6lde for alle salg i dine shops.<\/p>\n<p><strong>Hvem betaler for rabatkampagnerne?<\/strong><\/p>\n<p>Rabatten &#8220;fri fragt&#8221; betales helt og fuldt af Spreadshirt. Den har ingen indflydelse p\u00e5 din salgsprovision. For alle \u00f8vrige rabatter g\u00e6lder, at vi deler omkostningerne.<\/p>\n<p><u>Eksempel p\u00e5 20 % rabat:<\/u> For et produkt med en basispris p\u00e5 100 DKK fasts\u00e6tter du en slutpris p\u00e5 500 DKK. Dette giver en margin p\u00e5 400 DKK til dig. Kunden tilf\u00f8jer et trykomr\u00e5de og betaler 535 DKK. Indl\u00f8ser kunden en rabat p\u00e5 20 %, reduceres Spreadshops andel af basisprisen og det ekstra trykomr\u00e5de (= 135 DKK) med 20 %. Din margin p\u00e5 400 DKK reducerer sig ligeledes med 20 % (= 80 DKK). Du f\u00e5r alts\u00e5 en margin p\u00e5 320 DKK.<\/p>\n<div class='wp-caption aligncenter sprd-caption'>\n<div class='wp-caption-inner'><picture><img src='https:\/\/images.spreadshop.com\/image\/upload\/f_auto,q_70,t_postImgF_d\/v1622902025\/blog\/3_dk_lymb0g.jpg' alt=''\/><\/picture><\/div>\n<\/div>\n<p>Hvis du ikke \u00f8nsker at benytte rabatkampagnerne til at \u00f8ge dit salg, kan du altid deaktivere dem.<\/p>\n<p><strong>Hvorfor har jeg andel i udgifterne til rabatkampagnerne?<\/strong><\/p>\n<p>Med den nye afregningsmodel giver vi dig mere kontrol over din shop og dine rabatkampagner end nogensinde f\u00f8r. P\u00e5 den m\u00e5de kan du i teorien fasts\u00e6tte prisen, pr\u00e6cis som du vil, og dermed f\u00e5 en s\u00e5 h\u00f8j margin, som du vil. Spreadshop t\u00e6nker altid i \u00f8konomiske baner og sikrer dermed jer som shopindehavere det st\u00f8rst mulige overskud. Derfor har vi ogs\u00e5 besluttet at dele udgifterne til rabatter p\u00e5 en fair m\u00e5de.<\/p>\n<p>Fremover vil du altid kunne deaktivere enkelte eller samtlige rabatkampagner i din shop.<\/p>\n<p><strong>Hvor stor er rabatandelen af mine salg?<\/strong><\/p>\n<p>I din\u00a0<a href=\"https:\/\/partner.spreadshirt.dk\/statistics\/sales\">salgsstatistik<\/a>\u00a0kan du for hvert enkelt salg se, hvor stor din andel i den aktuelt indl\u00f8ste rabatkampagne har v\u00e6ret.<\/p>\n<p><strong>Hvor annonceres kommende rabatkampagner?<\/strong><\/p>\n<p>I dit partneromr\u00e5de har vi p\u00e5 <a href=\"https:\/\/partner.spreadshirt.dk\/dashboard\">dashboardet<\/a> sat en kalender op med de kommende rabatkampagner. Fra den 2. marts, hvor den nye afregningsmodel tr\u00e6der i kraft, kan rabatkampagnerne forskydes fleksibelt inden for en m\u00e5ned. Der vil v\u00e6re mindst to rabatter om m\u00e5neden. Alle kampagner bliver som standard aktiveret.<\/p>\n<div class='wp-caption aligncenter sprd-caption'>\n<div class='wp-caption-inner'><picture><img width=\"1400\" height=\"800\" src=\"https:\/\/images.spreadshop.com\/images\/w_1400,h_800\/f_auto,q_auto\/v1580214880\/blog\/promocalender_1_i7mw42\/promocalender_1_i7mw42.jpg?_i=AA\" alt=\"\" data-public-id=\"blog\/promocalender_1_i7mw42.jpg\" class=\"wp-post-0 wp-image-20547\" data-format=\"jpg\" data-transformations=\"f_auto,q_auto\" data-version=\"1580214880\" \/><\/picture><\/div>\n<\/div>\n<p><strong>Hvad skal jeg g\u00f8re, for at den nye afregningsmodel bliver g\u00e6ldende i mine shops?<\/strong><\/p>\n<p>Ikke noget. Vi informerer dig i en separat mail om de nye <a href=\"https:\/\/www.spreadshirt.dk\/forretningsbetingelser-C10183\"><u>almindelige forretningsbetingelser<\/u><\/a>. Hvis vi inden for tre uger efter modtagelsen af mailen ikke har h\u00f8rt andet fra dig, s\u00e5 g\u00e5r vi ud fra, at du er indforst\u00e5et.<\/p>\n<p>Hvis du \u00e5bner en Spreadshop efter den 5 februar, accepterer du automatisk de nye forretningsbetingelser.<\/p>\n<p><strong>Hvad sker der, hvis jeg afviser de nye generelle forretningsbetingelser?<\/strong><\/p>\n<p>\u00d8nsker du ikke at acceptere de nye forretningsbetingelser, s\u00e5 meddel venligst din indsigelse inden for 3 uger efter modtagelsen af vores mail til\u00a0<a href=\"mailto:opposition@spreadshirt.net.\">opposition@spreadshirt.net.<\/a><\/p>\n<p>Hvis du inden fristens udl\u00f8b g\u00f8r indsigelse vedr\u00f8rende de nye forretningsbetingelser, forts\u00e6tter som udgangspunkt det g\u00e6ldende kontraktforhold under de hidtil aftalte betingelser. V\u00e6r dog opm\u00e6rksom p\u00e5, at vi \u00f8nsker at behandle alle vores partnere ens og derfor forbeholder os retten til at opsige kontrakten med dig i henhold til de hidtil g\u00e6ldende forretningsbetingelser. Vi st\u00e5r selvf\u00f8lgelig klar med hj\u00e6lp til dig.<\/p>\n<p>Dine eventuelle udest\u00e5ender udbetales i marts. <a href=\"https:\/\/partner.spreadshirt.dk\/account\">Tjek<\/a> venligst, om de bank- og PayPal-oplysninger, som du har givet os, er korrekte.<\/p>\n<p><strong>Hvorfor er mine udbetaling og min margin forskellige?<\/strong><\/p>\n<p>Forskellen mellem din udbetaling og din margin kan have tre \u00e5rsager:<\/p>\n<ol>\n<li>Dine kunder har aktiveret en rabat, da de handlede i din shop. P\u00e5 grund af din andel af rabatordningen reduceres din margin<\/li>\n<li>Afh\u00e6ngigt af leveringsland kan momsen variere. Det kan have indflydelse p\u00e5 st\u00f8rrelsen af din margin. Afvigelserne kan ikke altid afl\u00e6ses med det samme i din <a href=\"https:\/\/partner.spreadshirt.dk\/statistics\/sales\">salgsstatistik<\/a>. De vil f\u00f8rst fremg\u00e5 af afregningen.<\/li>\n<li>Hvis du ikke er bosat i Tyskland, er det muligt, at der tr\u00e6kkes skat af din salgsprovision. Det afh\u00e6nger af, om dit opholdsland har en dobbeltbeskatningsaftale med Tyskland. <a href=\"https:\/\/help.spreadshop.com\/hc\/da\/articles\/360010410480\">Her<\/a> kan du se, om du skal betale skat.<\/li>\n<\/ol>\n<p><strong>Hvad er en non-profits-shop?<\/strong><\/p>\n<p>Non-profit-shops er f.eks. almennyttige organisationer og foreninger, som ikke \u00f8nsker at generere overskud i henhold til deres form\u00e5lsparagraf. Hvis du ikke \u00f8nsker at skabe overskud i din shop, s\u00e5 brug non-profit-muligheden, og s\u00e6t med et enkelt klik din margin p\u00e5 nul. Du vil s\u00e5 heller ikke modtage bonus. Yderligere information kan findes <a href=\"https:\/\/help.spreadshop.com\/hc\/da\/articles\/360011204479\">her<\/a>.<\/p>\n","protected":false},"excerpt":{"rendered":"<p>Hvorfor \u00e6ndrer Spreadshop sin afregningsmodel? I de kommende m\u00e5neder udvider vi din shops sortiment betydeligt &#8211; s\u00e6rligt med prisbillige produkter som f.eks. stickers. Og til det er vores aktuelle afregningsmodel for ufleksibel. Kombinationen af designpris, &hellip; <a href=\"https:\/\/www.spreadshop.com\/blog\/hvorfor-aendrer-spreadshop-sin-afregningsmodel\/\">Read more<\/a><\/p>\n","protected":false},"author":674,"featured_media":0,"parent":0,"menu_order":0,"comment_status":"closed","ping_status":"closed","template":"","meta":{"publish_to_discourse":"","publish_post_category":"","wpdc_auto_publish_overridden":"","wpdc_topic_tags":"","wpdc_pin_topic":"","wpdc_pin_until":"","discourse_post_id":"","discourse_permalink":"","wpdc_publishing_response":"","wpdc_publishing_error":"","_cloudinary_featured_overwrite":false},"yoast_head":"<!-- This site is optimized with the Yoast SEO Premium plugin v19.3 (Yoast SEO v19.7.1) - https:\/\/yoast.com\/wordpress\/plugins\/seo\/ -->\n<title>Hvorfor \u00e6ndrer Spreadshop sin afregningsmodel? - The Spreadshop Blog<\/title>\n<meta name=\"robots\" content=\"index, follow, max-snippet:-1, max-image-preview:large, max-video-preview:-1\" \/>\n<link rel=\"canonical\" href=\"https:\/\/www.spreadshop.com\/blog\/hvorfor-aendrer-spreadshop-sin-afregningsmodel\/\" \/>\n<meta property=\"og:locale\" content=\"en_US\" \/>\n<meta property=\"og:type\" content=\"article\" \/>\n<meta property=\"og:title\" content=\"Hvorfor \u00e6ndrer Spreadshop sin afregningsmodel?\" \/>\n<meta property=\"og:description\" content=\"Hvorfor \u00e6ndrer Spreadshop sin afregningsmodel? I de kommende m\u00e5neder udvider vi din shops sortiment betydeligt &#8211; s\u00e6rligt med prisbillige produkter som f.eks. stickers. Og til det er vores aktuelle afregningsmodel for ufleksibel. Kombinationen af designpris, &hellip; Read more\" \/>\n<meta property=\"og:url\" content=\"https:\/\/www.spreadshop.com\/blog\/hvorfor-aendrer-spreadshop-sin-afregningsmodel\/\" \/>\n<meta property=\"og:site_name\" content=\"The Spreadshop Blog\" \/>\n<meta name=\"twitter:label1\" content=\"Est. reading time\" \/>\n\t<meta name=\"twitter:data1\" content=\"8 minutes\" \/>\n<script type=\"application\/ld+json\" class=\"yoast-schema-graph\">{\"@context\":\"https:\/\/schema.org\",\"@graph\":[{\"@type\":\"WebPage\",\"@id\":\"https:\/\/www.spreadshop.com\/blog\/hvorfor-aendrer-spreadshop-sin-afregningsmodel\/\",\"url\":\"https:\/\/www.spreadshop.com\/blog\/hvorfor-aendrer-spreadshop-sin-afregningsmodel\/\",\"name\":\"Hvorfor \u00e6ndrer Spreadshop sin afregningsmodel? - The Spreadshop Blog\",\"isPartOf\":{\"@id\":\"https:\/\/www.spreadshop.com\/blog\/#website\"},\"datePublished\":\"2020-02-05T10:13:36+00:00\",\"dateModified\":\"2020-02-05T10:13:36+00:00\",\"breadcrumb\":{\"@id\":\"https:\/\/www.spreadshop.com\/blog\/hvorfor-aendrer-spreadshop-sin-afregningsmodel\/#breadcrumb\"},\"inLanguage\":\"en-US\",\"potentialAction\":[{\"@type\":\"ReadAction\",\"target\":[\"https:\/\/www.spreadshop.com\/blog\/hvorfor-aendrer-spreadshop-sin-afregningsmodel\/\"]}]},{\"@type\":\"BreadcrumbList\",\"@id\":\"https:\/\/www.spreadshop.com\/blog\/hvorfor-aendrer-spreadshop-sin-afregningsmodel\/#breadcrumb\",\"itemListElement\":[{\"@type\":\"ListItem\",\"position\":1,\"name\":\"Home\",\"item\":\"https:\/\/www.spreadshop.com\/blog\/\"},{\"@type\":\"ListItem\",\"position\":2,\"name\":\"Hvorfor \u00e6ndrer Spreadshop sin afregningsmodel?\"}]},{\"@type\":\"WebSite\",\"@id\":\"https:\/\/www.spreadshop.com\/blog\/#website\",\"url\":\"https:\/\/www.spreadshop.com\/blog\/\",\"name\":\"The Spreadshop Blog\",\"description\":\"Spreadshop Blog\",\"potentialAction\":[{\"@type\":\"SearchAction\",\"target\":{\"@type\":\"EntryPoint\",\"urlTemplate\":\"https:\/\/www.spreadshop.com\/blog\/?s={search_term_string}\"},\"query-input\":\"required name=search_term_string\"}],\"inLanguage\":\"en-US\"}]}<\/script>\n<!-- \/ Yoast SEO Premium plugin. -->","yoast_head_json":{"title":"Hvorfor \u00e6ndrer Spreadshop sin afregningsmodel? - The Spreadshop Blog","robots":{"index":"index","follow":"follow","max-snippet":"max-snippet:-1","max-image-preview":"max-image-preview:large","max-video-preview":"max-video-preview:-1"},"canonical":"https:\/\/www.spreadshop.com\/blog\/hvorfor-aendrer-spreadshop-sin-afregningsmodel\/","og_locale":"en_US","og_type":"article","og_title":"Hvorfor \u00e6ndrer Spreadshop sin afregningsmodel?","og_description":"Hvorfor \u00e6ndrer Spreadshop sin afregningsmodel? I de kommende m\u00e5neder udvider vi din shops sortiment betydeligt &#8211; s\u00e6rligt med prisbillige produkter som f.eks. stickers. Og til det er vores aktuelle afregningsmodel for ufleksibel. Kombinationen af designpris, &hellip; Read more","og_url":"https:\/\/www.spreadshop.com\/blog\/hvorfor-aendrer-spreadshop-sin-afregningsmodel\/","og_site_name":"The Spreadshop Blog","twitter_misc":{"Est. reading time":"8 minutes"},"schema":{"@context":"https:\/\/schema.org","@graph":[{"@type":"WebPage","@id":"https:\/\/www.spreadshop.com\/blog\/hvorfor-aendrer-spreadshop-sin-afregningsmodel\/","url":"https:\/\/www.spreadshop.com\/blog\/hvorfor-aendrer-spreadshop-sin-afregningsmodel\/","name":"Hvorfor \u00e6ndrer Spreadshop sin afregningsmodel? - The Spreadshop Blog","isPartOf":{"@id":"https:\/\/www.spreadshop.com\/blog\/#website"},"datePublished":"2020-02-05T10:13:36+00:00","dateModified":"2020-02-05T10:13:36+00:00","breadcrumb":{"@id":"https:\/\/www.spreadshop.com\/blog\/hvorfor-aendrer-spreadshop-sin-afregningsmodel\/#breadcrumb"},"inLanguage":"en-US","potentialAction":[{"@type":"ReadAction","target":["https:\/\/www.spreadshop.com\/blog\/hvorfor-aendrer-spreadshop-sin-afregningsmodel\/"]}]},{"@type":"BreadcrumbList","@id":"https:\/\/www.spreadshop.com\/blog\/hvorfor-aendrer-spreadshop-sin-afregningsmodel\/#breadcrumb","itemListElement":[{"@type":"ListItem","position":1,"name":"Home","item":"https:\/\/www.spreadshop.com\/blog\/"},{"@type":"ListItem","position":2,"name":"Hvorfor \u00e6ndrer Spreadshop sin afregningsmodel?"}]},{"@type":"WebSite","@id":"https:\/\/www.spreadshop.com\/blog\/#website","url":"https:\/\/www.spreadshop.com\/blog\/","name":"The Spreadshop Blog","description":"Spreadshop Blog","potentialAction":[{"@type":"SearchAction","target":{"@type":"EntryPoint","urlTemplate":"https:\/\/www.spreadshop.com\/blog\/?s={search_term_string}"},"query-input":"required name=search_term_string"}],"inLanguage":"en-US"}]}},"_links":{"self":[{"href":"https:\/\/www.spreadshop.com\/blog\/wp-json\/wp\/v2\/pages\/20492"}],"collection":[{"href":"https:\/\/www.spreadshop.com\/blog\/wp-json\/wp\/v2\/pages"}],"about":[{"href":"https:\/\/www.spreadshop.com\/blog\/wp-json\/wp\/v2\/types\/page"}],"author":[{"embeddable":true,"href":"https:\/\/www.spreadshop.com\/blog\/wp-json\/wp\/v2\/users\/674"}],"replies":[{"embeddable":true,"href":"https:\/\/www.spreadshop.com\/blog\/wp-json\/wp\/v2\/comments?post=20492"}],"version-history":[{"count":3,"href":"https:\/\/www.spreadshop.com\/blog\/wp-json\/wp\/v2\/pages\/20492\/revisions"}],"predecessor-version":[{"id":20674,"href":"https:\/\/www.spreadshop.com\/blog\/wp-json\/wp\/v2\/pages\/20492\/revisions\/20674"}],"wp:attachment":[{"href":"https:\/\/www.spreadshop.com\/blog\/wp-json\/wp\/v2\/media?parent=20492"}],"curies":[{"name":"wp","href":"https:\/\/api.w.org\/{rel}","templated":true}]}}