{"id":20495,"date":"2020-02-05T05:16:49","date_gmt":"2020-02-05T10:16:49","guid":{"rendered":"https:\/\/www.spreadshop.com\/blog\/?p=20495"},"modified":"2020-02-05T05:16:49","modified_gmt":"2020-02-05T10:16:49","slug":"mas-control-para-tu-tienda","status":"publish","type":"page","link":"https:\/\/www.spreadshop.com\/blog\/mas-control-para-tu-tienda\/","title":{"rendered":"M\u00e1s control para tu tienda"},"content":{"rendered":"<div class='wp-caption aligncenter sprd-caption'>\n<div class='wp-caption-inner'><picture><img width=\"1400\" height=\"800\" src=\"data:image\/svg+xml;base64,PHN2ZyB4bWxucz0iaHR0cDovL3d3dy53My5vcmcvMjAwMC9zdmciIHdpZHRoPSIxNDAwIiBoZWlnaHQ9IjgwMCI+PHJlY3Qgd2lkdGg9IjEwMCUiIGhlaWdodD0iMTAwJSI+PGFuaW1hdGUgYXR0cmlidXRlTmFtZT0iZmlsbCIgdmFsdWVzPSJyZ2JhKDE1MywxNTMsMTUzLDAuNSk7cmdiYSgxNTMsMTUzLDE1MywwLjEpO3JnYmEoMTUzLDE1MywxNTMsMC41KSIgZHVyPSIycyIgcmVwZWF0Q291bnQ9ImluZGVmaW5pdGUiIC8+PC9yZWN0Pjwvc3ZnPg==\" alt=\"\" data-public-id=\"blog\/8_ES_blog_qmefc9.jpg\" class=\"wp-post-20495 wp-image-20568\" data-format=\"jpg\" data-transformations=\"f_auto,q_auto\" data-version=\"1580289459\" data-size=\"1400 800\" data-delivery=\"upload\" onload=\";window.CLDBind?CLDBind(this):null;\" data-cloudinary=\"lazy\" \/><\/picture><\/div>\n<\/div>\n<p>El 2 de marzo es el d\u00eda: con nuestro nuevo modelo de remuneraci\u00f3n tendr\u00e1s m\u00e1s control sobre tu tienda y tus ganancias.<\/p>\n<p><!--more--><\/p>\n<p>Seamos honestos: \u00bfSabr\u00edas explicar c\u00f3mo funciona nuestro actual modelo de remuneraci\u00f3n? \u00bfQu\u00e9 es eso del precio del dise\u00f1o, Comisi\u00f3n de Afiliado y Comisi\u00f3n por Volumen? \u00bfNo? Entonces tenemos buenas noticias para ti. Nuestro nuevo modelo de remuneraci\u00f3n no solamente es m\u00e1s simple y m\u00e1s f\u00e1cil de usar, sino que te ofrece a\u00fan m\u00e1s oportunidades de aumentar tus ventas.<\/p>\n<p>En el futuro tendr\u00e1s:<\/p>\n<ul>\n<li>M\u00e1s control sobre tus precios<\/li>\n<li>Productos nuevos, especialmente econ\u00f3micos<\/li>\n<li>Un modelo de remuneraci\u00f3n claro y f\u00e1cilmente comprensible<\/li>\n<\/ul>\n<h2>Adi\u00f3s al precio del dise\u00f1o<\/h2>\n<p>Hasta ahora, hab\u00edas establecido un precio del dise\u00f1o propio para cada dise\u00f1o, independientemente del producto. Por lo tanto, el monto de tu remuneraci\u00f3n se defin\u00eda por el dise\u00f1o, no por el producto. Ahora vamos a invertir esa l\u00f3gica. En el futuro, t\u00fa mismo fijas los precios de venta para los productos de tu tienda. En la Spreadshop ya no existir\u00e1 el precio del dise\u00f1o. Tu remuneraci\u00f3n ser\u00e1 la diferencia entre el precio de venta al cliente y el precio base.<\/p>\n<div class='wp-caption aligncenter sprd-caption'>\n<div class='wp-caption-inner'><picture><img width=\"1401\" height=\"801\" src=\"data:image\/svg+xml;base64,PHN2ZyB4bWxucz0iaHR0cDovL3d3dy53My5vcmcvMjAwMC9zdmciIHdpZHRoPSIxNDAxIiBoZWlnaHQ9IjgwMSI+PHJlY3Qgd2lkdGg9IjEwMCUiIGhlaWdodD0iMTAwJSI+PGFuaW1hdGUgYXR0cmlidXRlTmFtZT0iZmlsbCIgdmFsdWVzPSJyZ2JhKDE1MywxNTMsMTUzLDAuNSk7cmdiYSgxNTMsMTUzLDE1MywwLjEpO3JnYmEoMTUzLDE1MywxNTMsMC41KSIgZHVyPSIycyIgcmVwZWF0Q291bnQ9ImluZGVmaW5pdGUiIC8+PC9yZWN0Pjwvc3ZnPg==\" alt=\"\" data-public-id=\"blog\/1_es_fr0eod.jpg\" class=\"wp-post-20495 wp-image-20569\" data-format=\"jpg\" data-transformations=\"f_auto,q_auto\" data-version=\"1580214040\" data-size=\"1401 801\" data-delivery=\"upload\" onload=\";window.CLDBind?CLDBind(this):null;\" data-cloudinary=\"lazy\" \/><\/picture><\/div>\n<\/div>\n<h2>M\u00e1s variedad de productos<\/h2>\n<p>El antiguo precio del dise\u00f1o era demasiado inflexible para permitir una amplia gama de productos. Una vez fijado, se aplicaba a todos los productos de manera igual, ya fueran chapas, camisetas b\u00e1sicas o sudaderas de alta calidad. En realidad, los productos baratos, como las chapas o las almohadillas para el rat\u00f3n, resultaban demasiado caros ese el modelo de remuneraci\u00f3n. Sin embargo, son precisamente estos productos los que nos gustar\u00eda ofrecer m\u00e1s en el futuro. La gama de productos se va a diversificar. Por este motivo ahora estamos poniendo fin al r\u00edgido mecanismo de precios del dise\u00f1o.<\/p>\n<p>Nadie conoce a tus clientes mejor que t\u00fa. Con el nuevo modelo de remuneraci\u00f3n tienes la oportunidad de determinar los mejores precios para tu tienda y tus clientes: es lucrativo para ti y atractivo para tus clientes. Al mismo tiempo, estamos creando la base para una amplia expansi\u00f3n de la gama de productos.<\/p>\n<h2>Hola, margen de beneficios<\/h2>\n<p>En el futuro, el monto de tu remuneraci\u00f3n no estar\u00e1 definido por el precio del dise\u00f1o, sino por el precio de venta al cliente de los productos. La diferencia entre el precio base y el precio de venta al cliente es entonces tu margen. Esto hace que fijar los precios para tu tienda sea mucho m\u00e1s f\u00e1cil, ya que t\u00fa fijas los precios y, por tanto, tu margen para cada tipo de producto de forma individual.<\/p>\n<div class='wp-caption aligncenter sprd-caption'>\n<div class='wp-caption-inner'><picture><img src='https:\/\/images.spreadshop.com\/image\/upload\/f_auto,q_70,t_postImgF_d\/v1622902026\/blog\/productprice_1_chaeta.jpg' alt=''\/><\/picture><\/div>\n<\/div>\n<p>Tambi\u00e9n ser\u00e1 posible crear productos de entrada especialmente econ\u00f3micos atraer\u00e1n a los clientes a tu tienda, por ejemplo, una camiseta b\u00e1sica por menos de 20 euros. Al mismo tiempo, podr\u00e1s fijar un precio m\u00e1s alto para otros productos y as\u00ed aumentar tu margen, independientemente del dise\u00f1o. En resumidas cuentas, tendr\u00e1s un control absoluto sobre tu margen.<\/p>\n<h3><strong>Descuentos flexibles <\/strong><\/h3>\n<p>En el futuro tendr\u00e1s m\u00e1s control sobre los descuentos en tu tienda. Cada mes habr\u00e1 hasta dos campa\u00f1as de descuentos para las que podr\u00e1s decidir si participas y de hacerlo, cu\u00e1l es la fecha de inicio de la campa\u00f1a. Con el lanzamiento del nuevo modelo de remuneraci\u00f3n, t\u00fa mismo podr\u00e1s determinar la fecha de inicio dentro del mes natural actual.<\/p>\n<div class='sprd_gallery_post sprd_gallery_post_lightbox sprd_gallery_post_0'>\n<div class='swiper-container'>\n<div class='swiper-wrapper'>\n<div class='swiper-slide'><a class='feather_gallery_post_0' href='https:\/\/images.spreadshop.com\/images\/f_auto,q_auto\/v1580214880\/blog\/promocalender_1_i7mw42\/promocalender_1_i7mw42.jpg?_i=AA'><picture><source srcset=\"https:\/\/images.spreadshop.com\/images\/f_auto,q_auto\/v1580214880\/blog\/promocalender_1_i7mw42\/promocalender_1_i7mw42.jpg?_i=AA\" media=\"(max-width: 479px)\"\/><source srcset=\"https:\/\/images.spreadshop.com\/images\/f_auto,q_auto\/v1580214880\/blog\/promocalender_1_i7mw42\/promocalender_1_i7mw42.jpg?_i=AA\" media=\"(max-width: 639px)\"\/><source srcset=\"https:\/\/images.spreadshop.com\/images\/f_auto,q_auto\/v1580214880\/blog\/promocalender_1_i7mw42\/promocalender_1_i7mw42.jpg?_i=AA\" media=\"(max-width: 991px)\"\/><img width=\"1400\" height=\"800\" src=\"data:image\/svg+xml;base64,PHN2ZyB4bWxucz0iaHR0cDovL3d3dy53My5vcmcvMjAwMC9zdmciIHdpZHRoPSIxNDAwIiBoZWlnaHQ9IjgwMCI+PHJlY3Qgd2lkdGg9IjEwMCUiIGhlaWdodD0iMTAwJSI+PGFuaW1hdGUgYXR0cmlidXRlTmFtZT0iZmlsbCIgdmFsdWVzPSJyZ2JhKDE1MywxNTMsMTUzLDAuNSk7cmdiYSgxNTMsMTUzLDE1MywwLjEpO3JnYmEoMTUzLDE1MywxNTMsMC41KSIgZHVyPSIycyIgcmVwZWF0Q291bnQ9ImluZGVmaW5pdGUiIC8+PC9yZWN0Pjwvc3ZnPg==\" alt=\"\" data-public-id=\"blog\/promocalender_1_i7mw42.jpg\" class=\"wp-post-20495 wp-image-20547\" data-format=\"jpg\" data-transformations=\"f_auto,q_auto\" data-version=\"1580214880\" data-size=\"1400 800\" data-delivery=\"upload\" onload=\";window.CLDBind?CLDBind(this):null;\" data-cloudinary=\"lazy\" \/><\/picture><\/a><\/div>\n<div class='swiper-slide'><a class='feather_gallery_post_0' href='https:\/\/images.spreadshop.com\/images\/f_auto,q_auto\/v1623174926\/blog\/promocalender_2_qll9j7_205485e6bb\/promocalender_2_qll9j7_205485e6bb.jpg?_i=AA'><picture><source srcset=\"https:\/\/images.spreadshop.com\/images\/f_auto,q_auto\/v1623174926\/blog\/promocalender_2_qll9j7_205485e6bb\/promocalender_2_qll9j7_205485e6bb.jpg?_i=AA\" media=\"(max-width: 479px)\"\/><source srcset=\"https:\/\/images.spreadshop.com\/images\/f_auto,q_auto\/v1623174926\/blog\/promocalender_2_qll9j7_205485e6bb\/promocalender_2_qll9j7_205485e6bb.jpg?_i=AA\" media=\"(max-width: 639px)\"\/><source srcset=\"https:\/\/images.spreadshop.com\/images\/f_auto,q_auto\/v1623174926\/blog\/promocalender_2_qll9j7_205485e6bb\/promocalender_2_qll9j7_205485e6bb.jpg?_i=AA\" media=\"(max-width: 991px)\"\/><img width=\"1400\" height=\"800\" src=\"data:image\/svg+xml;base64,PHN2ZyB4bWxucz0iaHR0cDovL3d3dy53My5vcmcvMjAwMC9zdmciIHdpZHRoPSIxNDAwIiBoZWlnaHQ9IjgwMCI+PHJlY3Qgd2lkdGg9IjEwMCUiIGhlaWdodD0iMTAwJSI+PGFuaW1hdGUgYXR0cmlidXRlTmFtZT0iZmlsbCIgdmFsdWVzPSJyZ2JhKDE1MywxNTMsMTUzLDAuNSk7cmdiYSgxNTMsMTUzLDE1MywwLjEpO3JnYmEoMTUzLDE1MywxNTMsMC41KSIgZHVyPSIycyIgcmVwZWF0Q291bnQ9ImluZGVmaW5pdGUiIC8+PC9yZWN0Pjwvc3ZnPg==\" alt=\"\" data-public-id=\"blog\/promocalender_2_qll9j7_205485e6bb.jpg\" class=\"wp-post-20495 wp-image-20548\" data-format=\"jpg\" data-transformations=\"f_auto,q_auto\" data-version=\"1623174926\" data-size=\"1400 800\" data-delivery=\"upload\" onload=\";window.CLDBind?CLDBind(this):null;\" data-cloudinary=\"lazy\" \/><\/picture><\/a><\/div>\n<div class='swiper-slide'><a class='feather_gallery_post_0' href='https:\/\/images.spreadshop.com\/images\/f_auto,q_auto\/v1580214880\/blog\/promocalender_3_ikljob\/promocalender_3_ikljob.jpg?_i=AA'><picture><source srcset=\"https:\/\/images.spreadshop.com\/images\/f_auto,q_auto\/v1580214880\/blog\/promocalender_3_ikljob\/promocalender_3_ikljob.jpg?_i=AA\" media=\"(max-width: 479px)\"\/><source srcset=\"https:\/\/images.spreadshop.com\/images\/f_auto,q_auto\/v1580214880\/blog\/promocalender_3_ikljob\/promocalender_3_ikljob.jpg?_i=AA\" media=\"(max-width: 639px)\"\/><source srcset=\"https:\/\/images.spreadshop.com\/images\/f_auto,q_auto\/v1580214880\/blog\/promocalender_3_ikljob\/promocalender_3_ikljob.jpg?_i=AA\" media=\"(max-width: 991px)\"\/><img width=\"1400\" height=\"800\" src=\"data:image\/svg+xml;base64,PHN2ZyB4bWxucz0iaHR0cDovL3d3dy53My5vcmcvMjAwMC9zdmciIHdpZHRoPSIxNDAwIiBoZWlnaHQ9IjgwMCI+PHJlY3Qgd2lkdGg9IjEwMCUiIGhlaWdodD0iMTAwJSI+PGFuaW1hdGUgYXR0cmlidXRlTmFtZT0iZmlsbCIgdmFsdWVzPSJyZ2JhKDE1MywxNTMsMTUzLDAuNSk7cmdiYSgxNTMsMTUzLDE1MywwLjEpO3JnYmEoMTUzLDE1MywxNTMsMC41KSIgZHVyPSIycyIgcmVwZWF0Q291bnQ9ImluZGVmaW5pdGUiIC8+PC9yZWN0Pjwvc3ZnPg==\" alt=\"\" data-public-id=\"blog\/promocalender_3_ikljob.jpg\" class=\"wp-post-20495 wp-image-20549\" data-format=\"jpg\" data-transformations=\"f_auto,q_auto\" data-version=\"1580214880\" data-size=\"1400 800\" data-delivery=\"upload\" onload=\";window.CLDBind?CLDBind(this):null;\" data-cloudinary=\"lazy\" \/><\/picture><\/a><\/div>\n<\/div>\n<div class=\"swiper-pagination\"><\/div>\n<div class=\"swiper-button-prev\"><\/div>\n<div class=\"swiper-button-next\"><\/div>\n<\/div>\n<\/div>\n<p><u>Un ejemplo:<\/u> Supongamos que con tu tienda te has especializado en contenido con gatos. Entonces el D\u00eda Mundial del Gato, el 8 de agosto de 2020, es el d\u00eda ideal para iniciar una ofensiva publicitaria. Puedes planear estrat\u00e9gicamente tus descuentos alrededor de esta fecha, anunciarlos en tus redes sociales y aumentar tus ventas.<\/p>\n<p>La campa\u00f1a de descuento \u00abEnv\u00edo gratuito\u00bb corre totalmente a cargo de Spreadshop. No afecta para nada tu remuneraci\u00f3n. Para todas las dem\u00e1s acciones de descuento compartimos los costes. T\u00fa corres con tu parte en funci\u00f3n de tu margen. Spreadshop paga su parte del precio base. Un descuento del 15\u00a0% reducir\u00eda tu margen en un 15\u00a0% por cada art\u00edculo vendido durante el per\u00edodo de la promoci\u00f3n. Spreadshop renuncia al 15\u00a0% del precio base.<strong>\u00a0<\/strong><\/p>\n<div class='wp-caption aligncenter sprd-caption'>\n<div class='wp-caption-inner'><picture><img width=\"1401\" height=\"801\" src=\"data:image\/svg+xml;base64,PHN2ZyB4bWxucz0iaHR0cDovL3d3dy53My5vcmcvMjAwMC9zdmciIHdpZHRoPSIxNDAxIiBoZWlnaHQ9IjgwMSI+PHJlY3Qgd2lkdGg9IjEwMCUiIGhlaWdodD0iMTAwJSI+PGFuaW1hdGUgYXR0cmlidXRlTmFtZT0iZmlsbCIgdmFsdWVzPSJyZ2JhKDE1MywxNTMsMTUzLDAuNSk7cmdiYSgxNTMsMTUzLDE1MywwLjEpO3JnYmEoMTUzLDE1MywxNTMsMC41KSIgZHVyPSIycyIgcmVwZWF0Q291bnQ9ImluZGVmaW5pdGUiIC8+PC9yZWN0Pjwvc3ZnPg==\" alt=\"\" data-public-id=\"blog\/3_es_u8kids.jpg\" class=\"wp-post-20495 wp-image-20571\" data-format=\"jpg\" data-transformations=\"f_auto,q_auto\" data-version=\"1580214040\" data-size=\"1401 801\" data-delivery=\"upload\" onload=\";window.CLDBind?CLDBind(this):null;\" data-cloudinary=\"lazy\" \/><\/picture><\/div>\n<\/div>\n<h3><strong>Modelo de costes de impresi\u00f3n simplificado<\/strong><\/h3>\n<p>El precio base ya incluye los costes de impresi\u00f3n de un \u00e1rea de impresi\u00f3n. Si t\u00fa o tus clientes cre\u00e1is \u00e1reas de impresi\u00f3n adicionales, el precio para el cliente aumenta\u00e1 en 4,50 euros \u00a0por cada \u00e1rea. Esto no cambia en absoluto ni tu margen ni el coste de los descuentos.<\/p>\n<p>Con la introducci\u00f3n del nuevo modelo de remuneraci\u00f3n, ser\u00e1 m\u00e1s f\u00e1cil y econ\u00f3mico colocar dise\u00f1os y textos adicionales en un \u00e1rea de impresi\u00f3n. \u00danicamente tendremos en cuenta el n\u00famero de \u00e1reas de impresi\u00f3n utilizadas, no el n\u00famero de dise\u00f1os en una sola \u00e1rea de impresi\u00f3n.<\/p>\n<div class='wp-caption aligncenter sprd-caption'>\n<div class='wp-caption-inner'><picture><img width=\"1401\" height=\"801\" src=\"data:image\/svg+xml;base64,PHN2ZyB4bWxucz0iaHR0cDovL3d3dy53My5vcmcvMjAwMC9zdmciIHdpZHRoPSIxNDAxIiBoZWlnaHQ9IjgwMSI+PHJlY3Qgd2lkdGg9IjEwMCUiIGhlaWdodD0iMTAwJSI+PGFuaW1hdGUgYXR0cmlidXRlTmFtZT0iZmlsbCIgdmFsdWVzPSJyZ2JhKDE1MywxNTMsMTUzLDAuNSk7cmdiYSgxNTMsMTUzLDE1MywwLjEpO3JnYmEoMTUzLDE1MywxNTMsMC41KSIgZHVyPSIycyIgcmVwZWF0Q291bnQ9ImluZGVmaW5pdGUiIC8+PC9yZWN0Pjwvc3ZnPg==\" alt=\"\" data-public-id=\"blog\/2_es_novlwp.jpg\" class=\"wp-post-20495 wp-image-20570\" data-format=\"jpg\" data-transformations=\"f_auto,q_auto\" data-version=\"1580214040\" data-size=\"1401 801\" data-delivery=\"upload\" onload=\";window.CLDBind?CLDBind(this):null;\" data-cloudinary=\"lazy\" \/><\/picture><\/div>\n<\/div>\n<p>La \u00fanica excepci\u00f3n ser\u00e1 si tus clientes utilizan los dise\u00f1os de pago de la comunidad en la herramienta de dise\u00f1o de tu tienda, estos costes se sumar\u00e1n al precio de venta al cliente. Tu margen tampoco cambiar\u00e1 en este caso.<\/p>\n<h3><strong>Tu \u00e9xito ser\u00e1 recompensado<\/strong><\/h3>\n<p>Cuanto m\u00e1s vendan tus tiendas en un mes natural, m\u00e1s reduciremos el precio base para ese mes de forma retroactiva. Esto aumenta autom\u00e1ticamente tu margen. Este incremento se calcula por cuenta de forma retroactiva para cada mes natural. En este <a href=\"https:\/\/help.spreadshop.com\/hc\/es\/articles\/360011203179\">art\u00edculo<\/a> podr\u00e1s consultar con detalle a qu\u00e9 umbrales de venta se reducen los precios base de los productos de tu tienda y c\u00f3mo funciona la facturaci\u00f3n.<\/p>\n<h3><strong>\u00bfCu\u00e1l es el siguiente paso?<\/strong><\/h3>\n<p>A partir de ahora tienes la posibilidad de ajustar el precio de venta al cliente para cada producto en el \u00c1rea de Socios. Los precios de venta al cliente preestablecidos son recomendaciones que puedes usar como gu\u00eda, pero sin obligaci\u00f3n. Tienes total libertad para fijar los precios. \u00c9chales un vistazo a los nuevos precios, haz los primeros ajustes y familiar\u00edzate con el nuevo modelo de remuneraci\u00f3n. El 2 de marzo comenzar\u00e1n a aplicarse los precios de venta al cliente hayas configurado. Podr\u00e1s cambiarlos siempre que quieras y tantas veces como quieras.<\/p>\n<p>Junto con el modelo de remuneraci\u00f3n, tambi\u00e9n cambiar\u00e1n nuestras CGC. Te informaremos sobre las nuevas <a href=\"https:\/\/www.spreadshirt.es\/condiciones-C10183\"><u>CGC<\/u><\/a> en un correo electr\u00f3nico aparte. Para que los cambios te sean aplicables en el futuro, no necesitas hacer nada m\u00e1s. Para todas las dem\u00e1s preguntas sobre el nuevo modelo de remuneraci\u00f3n, hemos compilado una detallada secci\u00f3n de <a href=\"https:\/\/www.spreadshop.com\/blog\/por-que-cambia-spreadshop-su-modelo-de-remuneracion\">preguntas frecuentes (FAQ)<\/a>.<\/p>\n<p style=\"text-align: center;\"><a class=\"standard-btn mermaid-btn\" href=\"https:\/\/partner.spreadshirt.es\/login\/\">Ajustar precios de producto<\/a><\/p>\n<p><em>\u00bfT\u00fa tambi\u00e9n vendes en la Plataforma? Entonces tenemos m\u00e1s informaci\u00f3n para ti <\/em><a href=\"https:\/\/blog.spreadshirt.net\/uk\/2020\/01\/29\/vendi-piu-motivi-da-subito-il-nuovo-schema-di-prezzi-per-il-marketplace\"><em>aqu\u00ed<\/em><\/a><em>. <\/em><\/p>\n","protected":false},"excerpt":{"rendered":"<p>El 2 de marzo es el d\u00eda: con nuestro nuevo modelo de remuneraci\u00f3n tendr\u00e1s m\u00e1s control sobre tu tienda y tus ganancias. <a href=\"https:\/\/www.spreadshop.com\/blog\/mas-control-para-tu-tienda\/\">Read more<\/a><\/p>\n","protected":false},"author":674,"featured_media":20568,"parent":0,"menu_order":0,"comment_status":"closed","ping_status":"closed","template":"","meta":{"publish_to_discourse":"","publish_post_category":"","wpdc_auto_publish_overridden":"","wpdc_topic_tags":"","wpdc_pin_topic":"","wpdc_pin_until":"","discourse_post_id":"","discourse_permalink":"","wpdc_publishing_response":"","wpdc_publishing_error":"","_cloudinary_featured_overwrite":false},"yoast_head":"<!-- This site is optimized with the Yoast SEO Premium plugin v19.3 (Yoast SEO v19.7.1) - https:\/\/yoast.com\/wordpress\/plugins\/seo\/ -->\n<title>M\u00e1s control para tu tienda - The Spreadshop Blog<\/title>\n<meta name=\"description\" content=\"El 2 de marzo es el d\u00eda: con nuestro nuevo modelo de remuneraci\u00f3n tendr\u00e1s m\u00e1s control sobre tu tienda y tus ganancias.\" \/>\n<meta name=\"robots\" content=\"index, follow, max-snippet:-1, max-image-preview:large, max-video-preview:-1\" \/>\n<link rel=\"canonical\" href=\"https:\/\/www.spreadshop.com\/blog\/mas-control-para-tu-tienda\/\" \/>\n<meta property=\"og:locale\" content=\"en_US\" \/>\n<meta property=\"og:type\" content=\"article\" \/>\n<meta property=\"og:title\" content=\"M\u00e1s control para tu tienda\" \/>\n<meta property=\"og:description\" content=\"El 2 de marzo es el d\u00eda: con nuestro nuevo modelo de remuneraci\u00f3n tendr\u00e1s m\u00e1s control sobre tu tienda y tus ganancias.\" \/>\n<meta property=\"og:url\" content=\"https:\/\/www.spreadshop.com\/blog\/mas-control-para-tu-tienda\/\" \/>\n<meta property=\"og:site_name\" content=\"The Spreadshop Blog\" \/>\n<meta property=\"og:image\" content=\"https:\/\/images.spreadshop.com\/images\/f_auto,q_auto\/v1580289459\/blog\/8_ES_blog_qmefc9\/8_ES_blog_qmefc9.jpg?_i=AA\" \/>\n\t<meta property=\"og:image:width\" content=\"1400\" \/>\n\t<meta property=\"og:image:height\" content=\"800\" \/>\n\t<meta property=\"og:image:type\" content=\"image\/jpeg\" \/>\n<meta name=\"twitter:label1\" content=\"Est. reading time\" \/>\n\t<meta name=\"twitter:data1\" content=\"6 minutes\" \/>\n<script type=\"application\/ld+json\" class=\"yoast-schema-graph\">{\"@context\":\"https:\/\/schema.org\",\"@graph\":[{\"@type\":\"WebPage\",\"@id\":\"https:\/\/www.spreadshop.com\/blog\/mas-control-para-tu-tienda\/\",\"url\":\"https:\/\/www.spreadshop.com\/blog\/mas-control-para-tu-tienda\/\",\"name\":\"M\u00e1s control para tu tienda - The Spreadshop Blog\",\"isPartOf\":{\"@id\":\"https:\/\/www.spreadshop.com\/blog\/#website\"},\"datePublished\":\"2020-02-05T10:16:49+00:00\",\"dateModified\":\"2020-02-05T10:16:49+00:00\",\"description\":\"El 2 de marzo es el d\u00eda: con nuestro nuevo modelo de remuneraci\u00f3n tendr\u00e1s m\u00e1s control sobre tu tienda y tus ganancias.\",\"breadcrumb\":{\"@id\":\"https:\/\/www.spreadshop.com\/blog\/mas-control-para-tu-tienda\/#breadcrumb\"},\"inLanguage\":\"en-US\",\"potentialAction\":[{\"@type\":\"ReadAction\",\"target\":[\"https:\/\/www.spreadshop.com\/blog\/mas-control-para-tu-tienda\/\"]}]},{\"@type\":\"BreadcrumbList\",\"@id\":\"https:\/\/www.spreadshop.com\/blog\/mas-control-para-tu-tienda\/#breadcrumb\",\"itemListElement\":[{\"@type\":\"ListItem\",\"position\":1,\"name\":\"Home\",\"item\":\"https:\/\/www.spreadshop.com\/blog\/\"},{\"@type\":\"ListItem\",\"position\":2,\"name\":\"M\u00e1s control para tu tienda\"}]},{\"@type\":\"WebSite\",\"@id\":\"https:\/\/www.spreadshop.com\/blog\/#website\",\"url\":\"https:\/\/www.spreadshop.com\/blog\/\",\"name\":\"The Spreadshop Blog\",\"description\":\"Spreadshop Blog\",\"potentialAction\":[{\"@type\":\"SearchAction\",\"target\":{\"@type\":\"EntryPoint\",\"urlTemplate\":\"https:\/\/www.spreadshop.com\/blog\/?s={search_term_string}\"},\"query-input\":\"required name=search_term_string\"}],\"inLanguage\":\"en-US\"}]}<\/script>\n<!-- \/ Yoast SEO Premium plugin. -->","yoast_head_json":{"title":"M\u00e1s control para tu tienda - The Spreadshop Blog","description":"El 2 de marzo es el d\u00eda: con nuestro nuevo modelo de remuneraci\u00f3n tendr\u00e1s m\u00e1s control sobre tu tienda y tus ganancias.","robots":{"index":"index","follow":"follow","max-snippet":"max-snippet:-1","max-image-preview":"max-image-preview:large","max-video-preview":"max-video-preview:-1"},"canonical":"https:\/\/www.spreadshop.com\/blog\/mas-control-para-tu-tienda\/","og_locale":"en_US","og_type":"article","og_title":"M\u00e1s control para tu tienda","og_description":"El 2 de marzo es el d\u00eda: con nuestro nuevo modelo de remuneraci\u00f3n tendr\u00e1s m\u00e1s control sobre tu tienda y tus ganancias.","og_url":"https:\/\/www.spreadshop.com\/blog\/mas-control-para-tu-tienda\/","og_site_name":"The Spreadshop Blog","og_image":[{"width":1400,"height":800,"url":"https:\/\/images.spreadshop.com\/images\/f_auto,q_auto\/v1580289459\/blog\/8_ES_blog_qmefc9\/8_ES_blog_qmefc9.jpg?_i=AA","type":"image\/jpeg"}],"twitter_misc":{"Est. reading time":"6 minutes"},"schema":{"@context":"https:\/\/schema.org","@graph":[{"@type":"WebPage","@id":"https:\/\/www.spreadshop.com\/blog\/mas-control-para-tu-tienda\/","url":"https:\/\/www.spreadshop.com\/blog\/mas-control-para-tu-tienda\/","name":"M\u00e1s control para tu tienda - The Spreadshop Blog","isPartOf":{"@id":"https:\/\/www.spreadshop.com\/blog\/#website"},"datePublished":"2020-02-05T10:16:49+00:00","dateModified":"2020-02-05T10:16:49+00:00","description":"El 2 de marzo es el d\u00eda: con nuestro nuevo modelo de remuneraci\u00f3n tendr\u00e1s m\u00e1s control sobre tu tienda y tus ganancias.","breadcrumb":{"@id":"https:\/\/www.spreadshop.com\/blog\/mas-control-para-tu-tienda\/#breadcrumb"},"inLanguage":"en-US","potentialAction":[{"@type":"ReadAction","target":["https:\/\/www.spreadshop.com\/blog\/mas-control-para-tu-tienda\/"]}]},{"@type":"BreadcrumbList","@id":"https:\/\/www.spreadshop.com\/blog\/mas-control-para-tu-tienda\/#breadcrumb","itemListElement":[{"@type":"ListItem","position":1,"name":"Home","item":"https:\/\/www.spreadshop.com\/blog\/"},{"@type":"ListItem","position":2,"name":"M\u00e1s control para tu tienda"}]},{"@type":"WebSite","@id":"https:\/\/www.spreadshop.com\/blog\/#website","url":"https:\/\/www.spreadshop.com\/blog\/","name":"The Spreadshop Blog","description":"Spreadshop Blog","potentialAction":[{"@type":"SearchAction","target":{"@type":"EntryPoint","urlTemplate":"https:\/\/www.spreadshop.com\/blog\/?s={search_term_string}"},"query-input":"required name=search_term_string"}],"inLanguage":"en-US"}]}},"_links":{"self":[{"href":"https:\/\/www.spreadshop.com\/blog\/wp-json\/wp\/v2\/pages\/20495"}],"collection":[{"href":"https:\/\/www.spreadshop.com\/blog\/wp-json\/wp\/v2\/pages"}],"about":[{"href":"https:\/\/www.spreadshop.com\/blog\/wp-json\/wp\/v2\/types\/page"}],"author":[{"embeddable":true,"href":"https:\/\/www.spreadshop.com\/blog\/wp-json\/wp\/v2\/users\/674"}],"replies":[{"embeddable":true,"href":"https:\/\/www.spreadshop.com\/blog\/wp-json\/wp\/v2\/comments?post=20495"}],"version-history":[{"count":6,"href":"https:\/\/www.spreadshop.com\/blog\/wp-json\/wp\/v2\/pages\/20495\/revisions"}],"predecessor-version":[{"id":20662,"href":"https:\/\/www.spreadshop.com\/blog\/wp-json\/wp\/v2\/pages\/20495\/revisions\/20662"}],"wp:featuredmedia":[{"embeddable":true,"href":"https:\/\/www.spreadshop.com\/blog\/wp-json\/wp\/v2\/media\/20568"}],"wp:attachment":[{"href":"https:\/\/www.spreadshop.com\/blog\/wp-json\/wp\/v2\/media?parent=20495"}],"curies":[{"name":"wp","href":"https:\/\/api.w.org\/{rel}","templated":true}]}}