{"id":20520,"date":"2020-02-05T05:12:19","date_gmt":"2020-02-05T10:12:19","guid":{"rendered":"https:\/\/www.spreadshop.com\/blog\/?p=20520"},"modified":"2020-02-05T08:42:38","modified_gmt":"2020-02-05T13:42:38","slug":"mer-kontroll-for-din-butik","status":"publish","type":"page","link":"https:\/\/www.spreadshop.com\/blog\/mer-kontroll-for-din-butik\/","title":{"rendered":"Mer kontroll f\u00f6r din butik"},"content":{"rendered":"<div class='wp-caption aligncenter sprd-caption'>\n<div class='wp-caption-inner'><picture><img width=\"1400\" height=\"800\" src=\"data:image\/svg+xml;base64,PHN2ZyB4bWxucz0iaHR0cDovL3d3dy53My5vcmcvMjAwMC9zdmciIHdpZHRoPSIxNDAwIiBoZWlnaHQ9IjgwMCI+PHJlY3Qgd2lkdGg9IjEwMCUiIGhlaWdodD0iMTAwJSI+PGFuaW1hdGUgYXR0cmlidXRlTmFtZT0iZmlsbCIgdmFsdWVzPSJyZ2JhKDE1MywxNTMsMTUzLDAuNSk7cmdiYSgxNTMsMTUzLDE1MywwLjEpO3JnYmEoMTUzLDE1MywxNTMsMC41KSIgZHVyPSIycyIgcmVwZWF0Q291bnQ9ImluZGVmaW5pdGUiIC8+PC9yZWN0Pjwvc3ZnPg==\" alt=\"\" data-public-id=\"blog\/2_SE_blog_l18oa0.jpg\" class=\"wp-post-20520 wp-image-20603\" data-format=\"jpg\" data-transformations=\"f_auto,q_auto\" data-version=\"1580289458\" data-size=\"1400 800\" data-delivery=\"upload\" onload=\";window.CLDBind?CLDBind(this):null;\" data-cloudinary=\"lazy\" \/><\/picture><\/div>\n<\/div>\n<p>Den 2 mars \u00e4r det dags! Med v\u00e5r nya ers\u00e4ttningsmodell f\u00e5r du mer kontroll \u00f6ver din butik. D\u00e4rmed s\u00e4ljer du mer och s\u00e4ttet som du tj\u00e4nar pengar p\u00e5 blir enklare.<\/p>\n<p><!--more--><\/p>\n<p>\u00c4rligt talat: Kan du p\u00e5 rak arm f\u00f6rklara hur v\u00e5r aktuella ers\u00e4ttningsmodell fungerar? Vad motivpris, affiliateprovision och framg\u00e5ngsbonus inneb\u00e4r? Inte? D\u00e5 har vi goda nyheter f\u00f6r dig! V\u00e5r nya ers\u00e4ttningsmodell \u00e4r inte bara enklare och mer anv\u00e4ndarv\u00e4nlig, utan den ger dig \u00e4ven mer m\u00f6jligheter att \u00f6ka din f\u00f6rs\u00e4ljning. Fram\u00f6ver f\u00e5r du:<\/p>\n<ul>\n<li>mer kontroll \u00f6ver dina priser<\/li>\n<li>nya, billiga produkter<\/li>\n<li>en tydlig och l\u00e4ttf\u00f6rst\u00e5elig ers\u00e4ttningsmodell<\/li>\n<\/ul>\n<h2>Hejd\u00e5 motivpriset<\/h2>\n<p>Hittills har du fastst\u00e4llt ett eget motivpris f\u00f6r varje motiv \u2013 oberoende av produkten. D\u00e4rmed avgjordes din ers\u00e4ttning av motivet, inte produkten. Denna logik v\u00e4nder vi nu p\u00e5. Fram\u00f6ver fastst\u00e4ller du kundpriserna f\u00f6r dina butiksprodukter sj\u00e4lv. Motivpriset kommer inte l\u00e4ngre att finnas i Spreadshop. Din ers\u00e4ttning utg\u00f6rs av skillnaden mellan kund- och grundpriset.<\/p>\n<div class='wp-caption aligncenter sprd-caption'>\n<div class='wp-caption-inner'><picture><img src='https:\/\/images.spreadshop.com\/image\/upload\/f_auto,q_70,t_postImgF_d\/v1622900445\/blog\/1_SV_iqonmo.jpg' alt=''\/><\/picture><\/div>\n<\/div>\n<h2>St\u00f6rre produktutbud<\/h2>\n<p>Det gamla motivpriset var f\u00f6r oflexibelt f\u00f6r ett brett produktsortiment. N\u00e4r du en g\u00e5ng fastst\u00e4llt det g\u00e4llde det f\u00f6r alla produkter och mycket olika produkttyper som knappar, bas-T-shirts och h\u00f6gkvalitativa premiumluvtr\u00f6jor. Produkter som egentligen \u00e4r billiga, som knappar eller musmattor, blev f\u00f6r dyra med den tidigare ers\u00e4ttningsmodellen. Just dessa produkter vill vi dock erbjuda mer av i framtiden. Produktsortimentet ska bli mer m\u00e5ngsidigt. D\u00e4rf\u00f6r slutar vi nu med det stelbenta motivpriset.<\/p>\n<p>Ingen k\u00e4nner dina kunder b\u00e4ttre \u00e4n du. Med den nya ers\u00e4ttningsmodellen f\u00e5r du chansen att s\u00e4tta de b\u00e4sta priserna f\u00f6r din butik och dina kunder \u2013 lukrativt f\u00f6r dig, attraktivt f\u00f6r dina kunder. Samtidigt l\u00e4gger vi grunden f\u00f6r en omfattande utvidgning av produktsortimentet.<\/p>\n<h2>Hej marginal<\/h2>\n<p>Fram\u00f6ver fastst\u00e4ller du allts\u00e5 inte l\u00e4ngre din ers\u00e4ttning via motivpriset, utan via kundpriset p\u00e5 produkterna. Skillnaden mellan grund- och kundpris blir d\u00e5 din marginal. Det g\u00f6r priss\u00e4ttningen i din butik betydligt enklare, eftersom du fastst\u00e4ller priserna och d\u00e4rmed din marginal f\u00f6r varje produkttyp.<\/p>\n<div class='wp-caption aligncenter sprd-caption'>\n<div class='wp-caption-inner'><picture><img src='https:\/\/images.spreadshop.com\/image\/upload\/f_auto,q_70,t_postImgF_d\/v1622902042\/blog\/productprice_1_chaeta.jpg' alt=''\/><\/picture><\/div>\n<\/div>\n<p>Dessutom kommer det att vara m\u00f6jligt att skapa billiga ing\u00e5ngsprodukter, som ligger under psykologiskt viktiga gr\u00e4nser och d\u00e4rmed lockar kunder till din butik \u2013 till exempel en bas-T-shirt f\u00f6r under 200 kr. Samtidigt kan du s\u00e4tta ett h\u00f6gre pris p\u00e5 andra produkter och d\u00e4rmed h\u00f6ja din marginal \u2013 oberoende av motivet. Kort sagt har du full kontroll \u00f6ver din marginal.<\/p>\n<h3><strong>Flexibla rabatter <\/strong><\/h3>\n<p>Fram\u00f6ver f\u00e5r du mer kontroll \u00f6ver rabatterna i din butik. Varje m\u00e5nad kommer det att finnas upp till tv\u00e5 rabattkampanjer och du v\u00e4ljer sj\u00e4lv om och n\u00e4r kampanjen startar. N\u00e4r den nya ers\u00e4ttningsmodellen lanseras kan du sj\u00e4lv best\u00e4mma startdatumet inom den aktuella kalenderm\u00e5naden.<\/p>\n<div class='sprd_gallery_post sprd_gallery_post_lightbox sprd_gallery_post_0'>\n<div class='swiper-container'>\n<div class='swiper-wrapper'>\n<div class='swiper-slide'><a class='feather_gallery_post_0' href='https:\/\/images.spreadshop.com\/images\/f_auto,q_auto\/v1580214880\/blog\/promocalender_1_i7mw42\/promocalender_1_i7mw42.jpg?_i=AA'><picture><source srcset=\"https:\/\/images.spreadshop.com\/images\/f_auto,q_auto\/v1580214880\/blog\/promocalender_1_i7mw42\/promocalender_1_i7mw42.jpg?_i=AA\" media=\"(max-width: 479px)\"\/><source srcset=\"https:\/\/images.spreadshop.com\/images\/f_auto,q_auto\/v1580214880\/blog\/promocalender_1_i7mw42\/promocalender_1_i7mw42.jpg?_i=AA\" media=\"(max-width: 639px)\"\/><source srcset=\"https:\/\/images.spreadshop.com\/images\/f_auto,q_auto\/v1580214880\/blog\/promocalender_1_i7mw42\/promocalender_1_i7mw42.jpg?_i=AA\" media=\"(max-width: 991px)\"\/><img width=\"1400\" height=\"800\" src=\"data:image\/svg+xml;base64,PHN2ZyB4bWxucz0iaHR0cDovL3d3dy53My5vcmcvMjAwMC9zdmciIHdpZHRoPSIxNDAwIiBoZWlnaHQ9IjgwMCI+PHJlY3Qgd2lkdGg9IjEwMCUiIGhlaWdodD0iMTAwJSI+PGFuaW1hdGUgYXR0cmlidXRlTmFtZT0iZmlsbCIgdmFsdWVzPSJyZ2JhKDE1MywxNTMsMTUzLDAuNSk7cmdiYSgxNTMsMTUzLDE1MywwLjEpO3JnYmEoMTUzLDE1MywxNTMsMC41KSIgZHVyPSIycyIgcmVwZWF0Q291bnQ9ImluZGVmaW5pdGUiIC8+PC9yZWN0Pjwvc3ZnPg==\" alt=\"\" data-public-id=\"blog\/promocalender_1_i7mw42.jpg\" class=\"wp-post-20520 wp-image-20547\" data-format=\"jpg\" data-transformations=\"f_auto,q_auto\" data-version=\"1580214880\" data-size=\"1400 800\" data-delivery=\"upload\" onload=\";window.CLDBind?CLDBind(this):null;\" data-cloudinary=\"lazy\" \/><\/picture><\/a><\/div>\n<div class='swiper-slide'><a class='feather_gallery_post_0' href='https:\/\/images.spreadshop.com\/images\/f_auto,q_auto\/v1623174926\/blog\/promocalender_2_qll9j7_205485e6bb\/promocalender_2_qll9j7_205485e6bb.jpg?_i=AA'><picture><source srcset=\"https:\/\/images.spreadshop.com\/images\/f_auto,q_auto\/v1623174926\/blog\/promocalender_2_qll9j7_205485e6bb\/promocalender_2_qll9j7_205485e6bb.jpg?_i=AA\" media=\"(max-width: 479px)\"\/><source srcset=\"https:\/\/images.spreadshop.com\/images\/f_auto,q_auto\/v1623174926\/blog\/promocalender_2_qll9j7_205485e6bb\/promocalender_2_qll9j7_205485e6bb.jpg?_i=AA\" media=\"(max-width: 639px)\"\/><source srcset=\"https:\/\/images.spreadshop.com\/images\/f_auto,q_auto\/v1623174926\/blog\/promocalender_2_qll9j7_205485e6bb\/promocalender_2_qll9j7_205485e6bb.jpg?_i=AA\" media=\"(max-width: 991px)\"\/><img width=\"1400\" height=\"800\" src=\"data:image\/svg+xml;base64,PHN2ZyB4bWxucz0iaHR0cDovL3d3dy53My5vcmcvMjAwMC9zdmciIHdpZHRoPSIxNDAwIiBoZWlnaHQ9IjgwMCI+PHJlY3Qgd2lkdGg9IjEwMCUiIGhlaWdodD0iMTAwJSI+PGFuaW1hdGUgYXR0cmlidXRlTmFtZT0iZmlsbCIgdmFsdWVzPSJyZ2JhKDE1MywxNTMsMTUzLDAuNSk7cmdiYSgxNTMsMTUzLDE1MywwLjEpO3JnYmEoMTUzLDE1MywxNTMsMC41KSIgZHVyPSIycyIgcmVwZWF0Q291bnQ9ImluZGVmaW5pdGUiIC8+PC9yZWN0Pjwvc3ZnPg==\" alt=\"\" data-public-id=\"blog\/promocalender_2_qll9j7_205485e6bb.jpg\" class=\"wp-post-20520 wp-image-20548\" data-format=\"jpg\" data-transformations=\"f_auto,q_auto\" data-version=\"1623174926\" data-size=\"1400 800\" data-delivery=\"upload\" onload=\";window.CLDBind?CLDBind(this):null;\" data-cloudinary=\"lazy\" \/><\/picture><\/a><\/div>\n<div class='swiper-slide'><a class='feather_gallery_post_0' href='https:\/\/images.spreadshop.com\/images\/f_auto,q_auto\/v1580214880\/blog\/promocalender_3_ikljob\/promocalender_3_ikljob.jpg?_i=AA'><picture><source srcset=\"https:\/\/images.spreadshop.com\/images\/f_auto,q_auto\/v1580214880\/blog\/promocalender_3_ikljob\/promocalender_3_ikljob.jpg?_i=AA\" media=\"(max-width: 479px)\"\/><source srcset=\"https:\/\/images.spreadshop.com\/images\/f_auto,q_auto\/v1580214880\/blog\/promocalender_3_ikljob\/promocalender_3_ikljob.jpg?_i=AA\" media=\"(max-width: 639px)\"\/><source srcset=\"https:\/\/images.spreadshop.com\/images\/f_auto,q_auto\/v1580214880\/blog\/promocalender_3_ikljob\/promocalender_3_ikljob.jpg?_i=AA\" media=\"(max-width: 991px)\"\/><img width=\"1400\" height=\"800\" src=\"data:image\/svg+xml;base64,PHN2ZyB4bWxucz0iaHR0cDovL3d3dy53My5vcmcvMjAwMC9zdmciIHdpZHRoPSIxNDAwIiBoZWlnaHQ9IjgwMCI+PHJlY3Qgd2lkdGg9IjEwMCUiIGhlaWdodD0iMTAwJSI+PGFuaW1hdGUgYXR0cmlidXRlTmFtZT0iZmlsbCIgdmFsdWVzPSJyZ2JhKDE1MywxNTMsMTUzLDAuNSk7cmdiYSgxNTMsMTUzLDE1MywwLjEpO3JnYmEoMTUzLDE1MywxNTMsMC41KSIgZHVyPSIycyIgcmVwZWF0Q291bnQ9ImluZGVmaW5pdGUiIC8+PC9yZWN0Pjwvc3ZnPg==\" alt=\"\" data-public-id=\"blog\/promocalender_3_ikljob.jpg\" class=\"wp-post-20520 wp-image-20549\" data-format=\"jpg\" data-transformations=\"f_auto,q_auto\" data-version=\"1580214880\" data-size=\"1400 800\" data-delivery=\"upload\" onload=\";window.CLDBind?CLDBind(this):null;\" data-cloudinary=\"lazy\" \/><\/picture><\/a><\/div>\n<\/div>\n<div class=\"swiper-pagination\"><\/div>\n<div class=\"swiper-button-prev\"><\/div>\n<div class=\"swiper-button-next\"><\/div>\n<\/div>\n<\/div>\n<p><u>Ett exempel<\/u>: Vi antar att du har specialiserat dig p\u00e5 kattinneh\u00e5ll med din butik. D\u00e5 \u00e4r den internationella kattdagen den 8e augusti 2020 den perfekta dagen att starta en reklamkampanj. Du kan planera dina rabatter strategiskt kring detta datum, g\u00f6ra ordentlig reklam p\u00e5 sociala medier och d\u00e4rmed h\u00f6ja din f\u00f6rs\u00e4ljning.<\/p>\n<p>Rabattkampanjen \u201dfraktfritt\u201d betalar Spreadshop helt ur egen ficka. Den p\u00e5verkar inte din ers\u00e4ttning. Vid alla \u00f6vriga rabattkampanjer delar vi p\u00e5 kostnaderna. Du st\u00e5r f\u00f6r din andel p\u00e5 grundval av din marginal. Spreadshop betalar sin andel fr\u00e5n grundpriset. Med en rabatt p\u00e5 15\u00a0% skulle f\u00f6ljaktligen din marginal minskas med 15\u00a0% f\u00f6r varje s\u00e5ld artikel under kampanjperioden. Spreadshop avst\u00e5r fr\u00e5n 15\u00a0% av grundpriset.<\/p>\n<div class='wp-caption aligncenter sprd-caption'>\n<div class='wp-caption-inner'><picture><img src='https:\/\/images.spreadshop.com\/image\/upload\/f_auto,q_70,t_postImgF_d\/v1622902138\/blog\/3_SV_z4stga.jpg' alt=''\/><\/picture><\/div>\n<\/div>\n<h3><strong>F\u00f6renklad modell f\u00f6r tryckkostnader<\/strong><\/h3>\n<p>I grundpriset ing\u00e5r tryckkostnaderna f\u00f6r ett tryckomr\u00e5de. Om du eller dina kunder skapar ytterligare tryckomr\u00e5den h\u00f6js kundpriset f\u00f6r n\u00e4rvarande med 45 kr per omr\u00e5de. D\u00e4rigenom \u00e4ndras dock inte din marginal eller kostnaderna f\u00f6r rabatterna. I och med inf\u00f6randet av den nya ers\u00e4ttningsmodellen blir det enklare och billigare att placera fler motiv och text p\u00e5 ett tryckomr\u00e5de. Vi r\u00e4knar alltid bara antalet anv\u00e4nda tryckomr\u00e5den, inte antalet motiv p\u00e5 ett enskilt tryckomr\u00e5de.<\/p>\n<div class='wp-caption aligncenter sprd-caption'>\n<div class='wp-caption-inner'><picture><img src='https:\/\/images.spreadshop.com\/image\/upload\/f_auto,q_70,t_postImgF_d\/v1622902324\/blog\/2_SV_neevwm.jpg' alt=''\/><\/picture><\/div>\n<\/div>\n<p>Det enda undantaget: Om dina kunder skulle anv\u00e4nda de avgiftsbelagda motiven fr\u00e5n communityn i din butiks designverktyg kommer dessa kostnader att l\u00e4ggas till kundpriset. Inte heller i detta fall \u00e4ndras din marginal.<\/p>\n<h3><strong>Din framg\u00e5ng bel\u00f6nas<\/strong><\/h3>\n<p>Ju mer som s\u00e4ljs via dina butiker under en kalenderm\u00e5nad, desto mer s\u00e4nker vi grundpriset f\u00f6r denna m\u00e5nad i efterhand. D\u00e4rmed h\u00f6js din marginal automatiskt. Denna framg\u00e5ngsbonus ber\u00e4knas retroaktivt per konto f\u00f6r varje kalenderm\u00e5nad. Vid vilka f\u00f6rs\u00e4ljningstr\u00f6sklar grundpriset s\u00e4nks f\u00f6r dina butiksprodukter och hur avr\u00e4kningen fungerar i detalj f\u00e5r du veta i denna <a href=\"https:\/\/help.spreadshop.com\/hc\/sv\/articles\/360011203179\">artikel<\/a>.<\/p>\n<h3><strong>Vad h\u00e4nder nu?<\/strong><\/h3>\n<p>Du har nu m\u00f6jlighet att anpassa kundpriset f\u00f6r varje produkt i partneromr\u00e5det. De f\u00f6rinst\u00e4llda kundpriserna \u00e4r rekommendationer som du kan men inte m\u00e5ste r\u00e4tta dig efter. Du \u00e4r helt fri i din priss\u00e4ttning. Titta helst direkt p\u00e5 de nya priserna, g\u00f6r de f\u00f6rsta anpassningarna och s\u00e4tt dig in i den nya ers\u00e4ttningsmodellen. Den 2 mars inf\u00f6rs de inst\u00e4llda kundpriserna. Du kan \u00e4ndra dessa hur ofta och n\u00e4r du vill.<\/p>\n<p>Tillsammans med ers\u00e4ttningsmodellen \u00e4ndras \u00e4ven v\u00e5ra allm\u00e4nna villkor. Vi informerar om de nya <a href=\"https:\/\/www.spreadshirt.se\/allmaenna-villkoren-C10183\"><u>allm\u00e4nna villkoren<\/u><\/a> i ett separat e-postmeddelande. Du beh\u00f6ver inte g\u00f6ra n\u00e5got mer f\u00f6r att \u00e4ndringarna ska g\u00e4lla f\u00f6r dig i forts\u00e4ttningen. F\u00f6r alla ytterligare fr\u00e5gor om den nya ers\u00e4ttningsmodellen har vi sammanst\u00e4llt utf\u00f6rliga <a href=\"https:\/\/www.spreadshop.com\/blog\/varfor-andrar-spreadshop-sin-ersattningsmodell\">vanliga fr\u00e5gor<\/a>.<\/p>\n<p style=\"text-align: center;\"><a class=\"standard-btn mermaid-btn\" href=\"https:\/\/partner.spreadshirt.se\/login\">Anpassa produktpriser<\/a><\/p>\n<p><em>S\u00e4ljer du \u00e4ven p\u00e5 marknadsplatsen? D\u00e5 har vi mer information f\u00f6r dig <\/em><a href=\"https:\/\/blog.spreadshirt.net\/uk\/2020\/01\/24\/salj-fler-motiv-den-nya-prismodellen-for-marknadsplatsen\"><em>h\u00e4r<\/em><\/a><em>. <\/em><\/p>\n","protected":false},"excerpt":{"rendered":"<p>Den 2 mars \u00e4r det dags! Med v\u00e5r nya ers\u00e4ttningsmodell f\u00e5r du mer kontroll \u00f6ver din butik. D\u00e4rmed s\u00e4ljer du mer och s\u00e4ttet som du tj\u00e4nar pengar p\u00e5 blir enklare. <a href=\"https:\/\/www.spreadshop.com\/blog\/mer-kontroll-for-din-butik\/\">Read more<\/a><\/p>\n","protected":false},"author":674,"featured_media":20603,"parent":0,"menu_order":0,"comment_status":"closed","ping_status":"closed","template":"","meta":{"publish_to_discourse":"","publish_post_category":"","wpdc_auto_publish_overridden":"","wpdc_topic_tags":"","wpdc_pin_topic":"","wpdc_pin_until":"","discourse_post_id":"","discourse_permalink":"","wpdc_publishing_response":"","wpdc_publishing_error":"","_cloudinary_featured_overwrite":false},"yoast_head":"<!-- This site is optimized with the Yoast SEO Premium plugin v19.3 (Yoast SEO v19.7.1) - https:\/\/yoast.com\/wordpress\/plugins\/seo\/ -->\n<title>Mer kontroll f\u00f6r din butik - The Spreadshop Blog<\/title>\n<meta name=\"robots\" content=\"index, follow, max-snippet:-1, max-image-preview:large, max-video-preview:-1\" \/>\n<link rel=\"canonical\" href=\"https:\/\/www.spreadshop.com\/blog\/mer-kontroll-for-din-butik\/\" \/>\n<meta property=\"og:locale\" content=\"en_US\" \/>\n<meta property=\"og:type\" content=\"article\" \/>\n<meta property=\"og:title\" content=\"Mer kontroll f\u00f6r din butik\" \/>\n<meta property=\"og:description\" content=\"Den 2 mars \u00e4r det dags! Med v\u00e5r nya ers\u00e4ttningsmodell f\u00e5r du mer kontroll \u00f6ver din butik. D\u00e4rmed s\u00e4ljer du mer och s\u00e4ttet som du tj\u00e4nar pengar p\u00e5 blir enklare. Read more\" \/>\n<meta property=\"og:url\" content=\"https:\/\/www.spreadshop.com\/blog\/mer-kontroll-for-din-butik\/\" \/>\n<meta property=\"og:site_name\" content=\"The Spreadshop Blog\" \/>\n<meta property=\"article:modified_time\" content=\"2020-02-05T13:42:38+00:00\" \/>\n<meta property=\"og:image\" content=\"https:\/\/images.spreadshop.com\/images\/f_auto,q_auto\/v1580289458\/blog\/2_SE_blog_l18oa0\/2_SE_blog_l18oa0.jpg?_i=AA\" \/>\n\t<meta property=\"og:image:width\" content=\"1400\" \/>\n\t<meta property=\"og:image:height\" content=\"800\" \/>\n\t<meta property=\"og:image:type\" content=\"image\/jpeg\" \/>\n<meta name=\"twitter:label1\" content=\"Est. reading time\" \/>\n\t<meta name=\"twitter:data1\" content=\"6 minutes\" \/>\n<script type=\"application\/ld+json\" class=\"yoast-schema-graph\">{\"@context\":\"https:\/\/schema.org\",\"@graph\":[{\"@type\":\"WebPage\",\"@id\":\"https:\/\/www.spreadshop.com\/blog\/mer-kontroll-for-din-butik\/\",\"url\":\"https:\/\/www.spreadshop.com\/blog\/mer-kontroll-for-din-butik\/\",\"name\":\"Mer kontroll f\u00f6r din butik - The Spreadshop Blog\",\"isPartOf\":{\"@id\":\"https:\/\/www.spreadshop.com\/blog\/#website\"},\"datePublished\":\"2020-02-05T10:12:19+00:00\",\"dateModified\":\"2020-02-05T13:42:38+00:00\",\"breadcrumb\":{\"@id\":\"https:\/\/www.spreadshop.com\/blog\/mer-kontroll-for-din-butik\/#breadcrumb\"},\"inLanguage\":\"en-US\",\"potentialAction\":[{\"@type\":\"ReadAction\",\"target\":[\"https:\/\/www.spreadshop.com\/blog\/mer-kontroll-for-din-butik\/\"]}]},{\"@type\":\"BreadcrumbList\",\"@id\":\"https:\/\/www.spreadshop.com\/blog\/mer-kontroll-for-din-butik\/#breadcrumb\",\"itemListElement\":[{\"@type\":\"ListItem\",\"position\":1,\"name\":\"Home\",\"item\":\"https:\/\/www.spreadshop.com\/blog\/\"},{\"@type\":\"ListItem\",\"position\":2,\"name\":\"Mer kontroll f\u00f6r din butik\"}]},{\"@type\":\"WebSite\",\"@id\":\"https:\/\/www.spreadshop.com\/blog\/#website\",\"url\":\"https:\/\/www.spreadshop.com\/blog\/\",\"name\":\"The Spreadshop Blog\",\"description\":\"Spreadshop Blog\",\"potentialAction\":[{\"@type\":\"SearchAction\",\"target\":{\"@type\":\"EntryPoint\",\"urlTemplate\":\"https:\/\/www.spreadshop.com\/blog\/?s={search_term_string}\"},\"query-input\":\"required name=search_term_string\"}],\"inLanguage\":\"en-US\"}]}<\/script>\n<!-- \/ Yoast SEO Premium plugin. -->","yoast_head_json":{"title":"Mer kontroll f\u00f6r din butik - The Spreadshop Blog","robots":{"index":"index","follow":"follow","max-snippet":"max-snippet:-1","max-image-preview":"max-image-preview:large","max-video-preview":"max-video-preview:-1"},"canonical":"https:\/\/www.spreadshop.com\/blog\/mer-kontroll-for-din-butik\/","og_locale":"en_US","og_type":"article","og_title":"Mer kontroll f\u00f6r din butik","og_description":"Den 2 mars \u00e4r det dags! Med v\u00e5r nya ers\u00e4ttningsmodell f\u00e5r du mer kontroll \u00f6ver din butik. D\u00e4rmed s\u00e4ljer du mer och s\u00e4ttet som du tj\u00e4nar pengar p\u00e5 blir enklare. Read more","og_url":"https:\/\/www.spreadshop.com\/blog\/mer-kontroll-for-din-butik\/","og_site_name":"The Spreadshop Blog","article_modified_time":"2020-02-05T13:42:38+00:00","og_image":[{"width":1400,"height":800,"url":"https:\/\/images.spreadshop.com\/images\/f_auto,q_auto\/v1580289458\/blog\/2_SE_blog_l18oa0\/2_SE_blog_l18oa0.jpg?_i=AA","type":"image\/jpeg"}],"twitter_misc":{"Est. reading time":"6 minutes"},"schema":{"@context":"https:\/\/schema.org","@graph":[{"@type":"WebPage","@id":"https:\/\/www.spreadshop.com\/blog\/mer-kontroll-for-din-butik\/","url":"https:\/\/www.spreadshop.com\/blog\/mer-kontroll-for-din-butik\/","name":"Mer kontroll f\u00f6r din butik - The Spreadshop Blog","isPartOf":{"@id":"https:\/\/www.spreadshop.com\/blog\/#website"},"datePublished":"2020-02-05T10:12:19+00:00","dateModified":"2020-02-05T13:42:38+00:00","breadcrumb":{"@id":"https:\/\/www.spreadshop.com\/blog\/mer-kontroll-for-din-butik\/#breadcrumb"},"inLanguage":"en-US","potentialAction":[{"@type":"ReadAction","target":["https:\/\/www.spreadshop.com\/blog\/mer-kontroll-for-din-butik\/"]}]},{"@type":"BreadcrumbList","@id":"https:\/\/www.spreadshop.com\/blog\/mer-kontroll-for-din-butik\/#breadcrumb","itemListElement":[{"@type":"ListItem","position":1,"name":"Home","item":"https:\/\/www.spreadshop.com\/blog\/"},{"@type":"ListItem","position":2,"name":"Mer kontroll f\u00f6r din butik"}]},{"@type":"WebSite","@id":"https:\/\/www.spreadshop.com\/blog\/#website","url":"https:\/\/www.spreadshop.com\/blog\/","name":"The Spreadshop Blog","description":"Spreadshop Blog","potentialAction":[{"@type":"SearchAction","target":{"@type":"EntryPoint","urlTemplate":"https:\/\/www.spreadshop.com\/blog\/?s={search_term_string}"},"query-input":"required name=search_term_string"}],"inLanguage":"en-US"}]}},"_links":{"self":[{"href":"https:\/\/www.spreadshop.com\/blog\/wp-json\/wp\/v2\/pages\/20520"}],"collection":[{"href":"https:\/\/www.spreadshop.com\/blog\/wp-json\/wp\/v2\/pages"}],"about":[{"href":"https:\/\/www.spreadshop.com\/blog\/wp-json\/wp\/v2\/types\/page"}],"author":[{"embeddable":true,"href":"https:\/\/www.spreadshop.com\/blog\/wp-json\/wp\/v2\/users\/674"}],"replies":[{"embeddable":true,"href":"https:\/\/www.spreadshop.com\/blog\/wp-json\/wp\/v2\/comments?post=20520"}],"version-history":[{"count":6,"href":"https:\/\/www.spreadshop.com\/blog\/wp-json\/wp\/v2\/pages\/20520\/revisions"}],"predecessor-version":[{"id":20717,"href":"https:\/\/www.spreadshop.com\/blog\/wp-json\/wp\/v2\/pages\/20520\/revisions\/20717"}],"wp:featuredmedia":[{"embeddable":true,"href":"https:\/\/www.spreadshop.com\/blog\/wp-json\/wp\/v2\/media\/20603"}],"wp:attachment":[{"href":"https:\/\/www.spreadshop.com\/blog\/wp-json\/wp\/v2\/media?parent=20520"}],"curies":[{"name":"wp","href":"https:\/\/api.w.org\/{rel}","templated":true}]}}