{"id":44017,"date":"2024-11-07T12:10:54","date_gmt":"2024-11-07T11:10:54","guid":{"rendered":"https:\/\/www.spreadshop.com\/de\/blog\/?page_id=44017"},"modified":"2024-11-13T11:52:03","modified_gmt":"2024-11-13T10:52:03","slug":"weihnachts-support-2024","status":"publish","type":"page","link":"https:\/\/www.spreadshop.com\/de\/blog\/weihnachts-support-2024\/","title":{"rendered":"Weihnachten 2024: Alle Bestellfristen und Lieferinfos auf einen Blick"},"content":{"rendered":"<p>Hier findest du auf einen Blick alle Informationen zu unseren Lieferzeiten, Bestellfristen und zur aktuellen Auslastung.<\/p>\n<div class='wp-caption alignnone sprd-caption'>\n<div class='wp-caption-inner'><picture><img width=\"1400\" height=\"800\" src=\"https:\/\/images.spreadshop.com\/images\/w_1400,h_800\/f_auto,q_auto\/v1731494815\/blog\/Blog_header-1\/Blog_header-1.png?_i=AA\" alt=\"\" data-public-id=\"blog\/Blog_header-1.png\" class=\"wp-post-0 wp-image-44025\" data-format=\"png\" data-transformations=\"f_auto,q_auto\" data-version=\"1731494815\" \/><\/picture><\/div>\n<\/div>\n<h2 style=\"text-align: center\">Bestellfristen f\u00fcr Weihnachten 2024<\/h2>\n<p>Weihnachtsgeschenke sind toll \u2013 Weihnachtsgeschenke, die p\u00fcnktlich ankommen noch besser. Hier findest du unsere aktuellen Bestellfristen. Lass deine Kund*innen wissen, wie viel Zeit sie noch haben, um ihre Bestellungen f\u00fcr Weihnachten aufzugeben.<\/p>\n<table style=\"height: 1064px\" width=\"452\">\n<tbody>\n<tr>\n<td width=\"81\"><strong>Land<\/strong><\/td>\n<td width=\"80\"><strong>Standard<\/strong><\/td>\n<td width=\"80\"><strong>Premium<\/strong><\/td>\n<td width=\"80\"><strong>Express<\/strong><\/td>\n<\/tr>\n<tr>\n<td width=\"81\">DE<\/td>\n<td width=\"80\">18.12.2024<\/td>\n<td width=\"80\">19.12.2024<\/td>\n<td width=\"80\">20.12.2024<\/td>\n<\/tr>\n<tr>\n<td width=\"81\">AT<\/td>\n<td width=\"80\">17.12.2024<\/td>\n<td width=\"80\">18.12.2024<\/td>\n<td width=\"80\">20.12.2024<\/td>\n<\/tr>\n<tr>\n<td width=\"81\">CH<\/td>\n<td width=\"80\">17.12.2024<\/td>\n<td width=\"80\">18.12.2024<\/td>\n<td width=\"80\">20.12.2024<\/td>\n<\/tr>\n<tr>\n<td width=\"81\">NL<\/td>\n<td width=\"80\">17.12.2024<\/td>\n<td width=\"80\">18.12.2024<\/td>\n<td width=\"80\">20.12.2024<\/td>\n<\/tr>\n<tr>\n<td width=\"81\">NL (Sinterclaas)<\/td>\n<td width=\"80\">28.11.2024<\/td>\n<td width=\"80\">29.11.2024<\/td>\n<td width=\"80\">02.12.2024<\/td>\n<\/tr>\n<tr>\n<td width=\"81\">BE<\/td>\n<td width=\"80\">17.12.2024<\/td>\n<td width=\"80\">18.12.2024<\/td>\n<td width=\"80\">20.12.2024<\/td>\n<\/tr>\n<tr>\n<td width=\"81\">FR<\/td>\n<td width=\"80\">15.12.2024<\/td>\n<td width=\"80\">16.12.2024<\/td>\n<td width=\"80\">18.12.2024<\/td>\n<\/tr>\n<tr>\n<td width=\"81\">GB<\/td>\n<td width=\"80\">14.12.2024<\/td>\n<td width=\"80\">15.12.2024<\/td>\n<td width=\"80\">18.12.2024<\/td>\n<\/tr>\n<tr>\n<td width=\"81\">IE<\/td>\n<td width=\"80\">14.12.2024<\/td>\n<td width=\"80\">15.12.2024<\/td>\n<td width=\"80\">16.12.2024<\/td>\n<\/tr>\n<tr>\n<td width=\"81\">DK<\/td>\n<td width=\"80\">16.12.2024<\/td>\n<td width=\"80\">17.12.2024<\/td>\n<td width=\"80\">20.12.2024<\/td>\n<\/tr>\n<tr>\n<td width=\"81\">NO<\/td>\n<td width=\"80\">14.12.2024<\/td>\n<td width=\"80\">15.12.2024<\/td>\n<td width=\"80\">18.12.2024<\/td>\n<\/tr>\n<tr>\n<td width=\"81\">SE<\/td>\n<td width=\"80\">14.12.2024<\/td>\n<td width=\"80\">15.12.2024<\/td>\n<td width=\"80\">18.12.2024<\/td>\n<\/tr>\n<tr>\n<td width=\"81\">FI<\/td>\n<td width=\"80\">14.12.2024<\/td>\n<td width=\"80\">15.12.2024<\/td>\n<td width=\"80\">18.12.2024<\/td>\n<\/tr>\n<tr>\n<td width=\"81\">PL<\/td>\n<td width=\"80\">17.12.2024<\/td>\n<td width=\"80\">18.12.2024<\/td>\n<td width=\"80\">20.12.2024<\/td>\n<\/tr>\n<tr>\n<td width=\"81\">ES<\/td>\n<td width=\"80\">14.12.2024<\/td>\n<td width=\"80\">15.12.2024<\/td>\n<td width=\"80\">19.12.2024<\/td>\n<\/tr>\n<tr>\n<td width=\"81\">ES (Jan 6)<\/td>\n<td width=\"80\">21.12.2024<\/td>\n<td width=\"80\">&#8211;<\/td>\n<td width=\"80\">&#8211;<\/td>\n<\/tr>\n<tr>\n<td width=\"81\">IT<\/td>\n<td width=\"80\">15.12.2024<\/td>\n<td width=\"80\">16.12.2024<\/td>\n<td width=\"80\">19.12.2024<\/td>\n<\/tr>\n<tr>\n<td width=\"81\">Rest Europe<\/td>\n<td width=\"80\">12.12.2024<\/td>\n<td width=\"80\">13.12.2024<\/td>\n<td width=\"80\">18.12.2024<\/td>\n<\/tr>\n<tr>\n<td width=\"81\">Outside Europe<\/td>\n<td width=\"80\">05.12.2024<\/td>\n<td width=\"80\">&#8211;<\/td>\n<td width=\"80\">15.12.2024<\/td>\n<\/tr>\n<\/tbody>\n<\/table>\n<p>Stand: 07.11.2024<strong><br \/>\n<\/strong><\/p>\n<h2 style=\"text-align: center\">Aktuelle Produktions-Geschwindigkeit<\/h2>\n<p>W\u00e4hrend der Weihnachtssaison ist mit einem erh\u00f6hten Auftragsvolumen zu rechnen. Wir geben dennoch alles, um eingehende Bestellungen so schnell wie m\u00f6glich zu bearbeiten. Hier erf\u00e4hrst du auf einen Blick, f\u00fcr welche Druckarten es aktuell Verz\u00f6gerungen gibt.<\/p>\n<p style=\"text-align: center\"><strong><em>\u00a0 &#8211; aktuell keine Verz\u00f6gerungen &#8211;<\/em><br \/>\n<\/strong><\/p>\n<h2 style=\"text-align: center\">FAQs<\/h2>\n<p><strong>Was bedeuten die Bestellfristen?<\/strong><\/p>\n<p>Damit alle Bestellungen p\u00fcnktlich bis zum 24. Dezember geliefert werden, ist das Einhalten der Bestellfristen von entscheidender Bedeutung. Alle Bestellungen m\u00fcssen bis zum genannten Zeitpunkt abgeschlossen sein, damit sie rechtzeitig zu Weihnachten ankommen. Die \u00dcbersicht zeigt dir, wann Bestellungen sp\u00e4testens aufgegeben werden m\u00fcssen, damit sie rechtzeitig in der Region deiner Kund*innen ankommen. Weise in deiner Kommunikation und deinen Marketing-Aktivit\u00e4ten deutlich und regelm\u00e4\u00dfig auf die Bestellfristen hin. Denn das sch\u00f6nste Geschenk n\u00fctzt nichts, wenn es nicht rechtzeitig geliefert wird. Zus\u00e4tzlich blenden wir f\u00fcr deine Kund*innen die aktuellen Bestellfristen im Headerbereich deines Shops ein. <em>\u00a0<\/em><strong><br \/>\n<\/strong><\/p>\n<p><strong>Was passiert, wenn meine Kund*innen nach Ablauf der Fristen bestellen?<\/strong><strong>\u00a0<\/strong><\/p>\n<p>Es ist m\u00f6glich, dass solche Bestellung noch rechtzeitig vor dem 24. Dezember ankommen. Unsere Bestellfristen sind so kalkuliert, dass wir eine p\u00fcnktliche Lieferung zusichern k\u00f6nnen. Ob Bestellungen auch nach Ablauf der Fristen noch p\u00fcnktlich geliefert werden, ist abh\u00e4ngig von den \u00fcblichen Produktions- und Versandzeiten.<\/p>\n<div class=\"shariff shariff-align-left shariff-widget-align-left\">\n<div class=\"ShariffHeadline\">\n<h3 class=\"shariff_headline\">Teile diesen Beitrag<\/h3>\n<\/div>\n<ul class=\"shariff-buttons theme-default orientation-horizontal buttonsize-medium\">\n<li class=\"shariff-button facebook shariff-nocustomcolor\" style=\"background-color:#4273c8\"><a href=\"https:\/\/www.facebook.com\/sharer\/sharer.php?u=https%3A%2F%2Fwww.spreadshop.com%2Fblog%2Fde%2Fweihnachts-support-2024%2F\" title=\"Bei Facebook teilen\" aria-label=\"Bei Facebook teilen\" role=\"button\" rel=\"nofollow\" class=\"shariff-link\" style=\"; background-color:#3b5998; color:#fff\" target=\"_blank\"><span class=\"shariff-icon\" style=\"\"><svg width=\"32px\" height=\"20px\" xmlns=\"http:\/\/www.w3.org\/2000\/svg\" viewBox=\"0 0 18 32\"><path fill=\"#3b5998\" d=\"M17.1 0.2v4.7h-2.8q-1.5 0-2.1 0.6t-0.5 1.9v3.4h5.2l-0.7 5.3h-4.5v13.6h-5.5v-13.6h-4.5v-5.3h4.5v-3.9q0-3.3 1.9-5.2t5-1.8q2.6 0 4.1 0.2z\"><\/path><\/svg><\/span><span class=\"shariff-text\">teilen<\/span>&nbsp;<\/a><\/li>\n<li class=\"shariff-button twitter shariff-nocustomcolor\" style=\"background-color:#595959\"><a href=\"https:\/\/twitter.com\/share?url=https%3A%2F%2Fwww.spreadshop.com%2Fblog%2Fde%2Fweihnachts-support-2024%2F&text=Weihnachten%202024%3A%20Alle%20Bestellfristen%20und%20Lieferinfos%20auf%20einen%20Blick\" title=\"Bei X teilen\" aria-label=\"Bei X teilen\" role=\"button\" rel=\"noopener nofollow\" class=\"shariff-link\" style=\"; background-color:#000; color:#fff\" target=\"_blank\"><span class=\"shariff-icon\" style=\"\"><svg width=\"32px\" height=\"20px\" xmlns=\"http:\/\/www.w3.org\/2000\/svg\" viewBox=\"0 0 24 24\"><path fill=\"#000\" d=\"M14.258 10.152L23.176 0h-2.113l-7.747 8.813L7.133 0H0l9.352 13.328L0 23.973h2.113l8.176-9.309 6.531 9.309h7.133zm-2.895 3.293l-.949-1.328L2.875 1.56h3.246l6.086 8.523.945 1.328 7.91 11.078h-3.246zm0 0\"><\/path><\/svg><\/span><span class=\"shariff-text\">teilen<\/span>&nbsp;<\/a><\/li>\n<li class=\"shariff-button pinterest shariff-nocustomcolor\" style=\"background-color:#e70f18\"><a href=\"https:\/\/www.pinterest.com\/pin\/create\/link\/?url=https%3A%2F%2Fwww.spreadshop.com%2Fblog%2Fde%2Fweihnachts-support-2024%2F&media=https%3A%2F%2Fwww.spreadshop.com%2Fblog%2Fde%2Ffiles%2F2024%2F11%2FBlog_header-1.png&description=Weihnachten%202024%3A%20Alle%20Bestellfristen%20und%20Lieferinfos%20auf%20einen%20Blick\" title=\"Bei Pinterest pinnen\" aria-label=\"Bei Pinterest pinnen\" role=\"button\" rel=\"noopener nofollow\" class=\"shariff-link\" style=\"; background-color:#cb2027; color:#fff\" target=\"_blank\"><span class=\"shariff-icon\" style=\"\"><svg width=\"32px\" height=\"20px\" xmlns=\"http:\/\/www.w3.org\/2000\/svg\" viewBox=\"0 0 27 32\"><path fill=\"#cb2027\" d=\"M27.4 16q0 3.7-1.8 6.9t-5 5-6.9 1.9q-2 0-3.9-0.6 1.1-1.7 1.4-2.9 0.2-0.6 1-3.8 0.4 0.7 1.3 1.2t2 0.5q2.1 0 3.8-1.2t2.7-3.4 0.9-4.8q0-2-1.1-3.8t-3.1-2.9-4.5-1.2q-1.9 0-3.5 0.5t-2.8 1.4-2 2-1.2 2.3-0.4 2.4q0 1.9 0.7 3.3t2.1 2q0.5 0.2 0.7-0.4 0-0.1 0.1-0.5t0.2-0.5q0.1-0.4-0.2-0.8-0.9-1.1-0.9-2.7 0-2.7 1.9-4.6t4.9-2q2.7 0 4.2 1.5t1.5 3.8q0 3-1.2 5.2t-3.1 2.1q-1.1 0-1.7-0.8t-0.4-1.9q0.1-0.6 0.5-1.7t0.5-1.8 0.2-1.4q0-0.9-0.5-1.5t-1.4-0.6q-1.1 0-1.9 1t-0.8 2.6q0 1.3 0.4 2.2l-1.8 7.5q-0.3 1.2-0.2 3.2-3.7-1.6-6-5t-2.3-7.6q0-3.7 1.9-6.9t5-5 6.9-1.9 6.9 1.9 5 5 1.8 6.9z\"><\/path><\/svg><\/span><span class=\"shariff-text\">merken<\/span>&nbsp;<\/a><\/li>\n<\/ul>\n<\/div>\n","protected":false},"excerpt":{"rendered":"<p>Hier findest du auf einen Blick alle Informationen zu unseren Lieferzeiten, Bestellfristen und zur aktuellen Auslastung. Bestellfristen f\u00fcr Weihnachten 2024 Weihnachtsgeschenke sind toll \u2013 Weihnachtsgeschenke, die p\u00fcnktlich ankommen noch besser. Hier findest du unsere aktuellen &hellip; <a href=\"https:\/\/www.spreadshop.com\/de\/blog\/weihnachts-support-2024\/\">Weiterlesen<\/a><\/p>\n","protected":false},"author":829,"featured_media":44025,"parent":0,"menu_order":0,"comment_status":"closed","ping_status":"closed","template":"","meta":{"publish_to_discourse":"","publish_post_category":"","wpdc_auto_publish_overridden":"","wpdc_topic_tags":"","wpdc_pin_topic":"","wpdc_pin_until":"","discourse_post_id":"","discourse_permalink":"","wpdc_publishing_response":"","wpdc_publishing_error":"","_cloudinary_featured_overwrite":false},"yoast_head":"<!-- This site is optimized with the Yoast SEO plugin v19.7.1 - https:\/\/yoast.com\/wordpress\/plugins\/seo\/ -->\n<title>Weihnachten 2024: Alle Bestellfristen und Lieferinfos auf einen Blick | Spreadshop<\/title>\n<meta name=\"description\" content=\"Hier findest du auf einen Blick alle Informationen zu unseren Lieferzeiten, Bestellfristen und zur aktuellen Auslastung.\" \/>\n<meta name=\"robots\" content=\"index, follow, max-snippet:-1, max-image-preview:large, max-video-preview:-1\" \/>\n<link rel=\"canonical\" href=\"https:\/\/www.spreadshop.com\/de\/blog\/weihnachts-support-2024\/\" \/>\n<meta property=\"og:locale\" content=\"de_DE\" \/>\n<meta property=\"og:type\" content=\"article\" \/>\n<meta property=\"og:title\" content=\"Weihnachten 2024: Alle Bestellfristen und Lieferinfos auf einen Blick | Spreadshop\" \/>\n<meta property=\"og:description\" content=\"Hier findest du auf einen Blick alle Informationen zu unseren Lieferzeiten, Bestellfristen und zur aktuellen Auslastung.\" \/>\n<meta property=\"og:url\" content=\"https:\/\/www.spreadshop.com\/de\/blog\/weihnachts-support-2024\/\" \/>\n<meta property=\"og:site_name\" content=\"Das Spreadshop Blog\" \/>\n<meta property=\"article:modified_time\" content=\"2024-11-13T10:52:03+00:00\" \/>\n<meta property=\"og:image\" content=\"https:\/\/images.spreadshop.com\/images\/f_auto,q_auto\/v1731494815\/blog\/Blog_header-1\/Blog_header-1.png?_i=AA\" \/>\n\t<meta property=\"og:image:width\" content=\"1400\" \/>\n\t<meta property=\"og:image:height\" content=\"800\" \/>\n\t<meta property=\"og:image:type\" content=\"image\/png\" \/>\n<meta name=\"twitter:label1\" content=\"Gesch\u00e4tzte Lesezeit\" \/>\n\t<meta name=\"twitter:data1\" content=\"2\u00a0Minuten\" \/>\n<script type=\"application\/ld+json\" class=\"yoast-schema-graph\">{\"@context\":\"https:\/\/schema.org\",\"@graph\":[{\"@type\":\"WebPage\",\"@id\":\"https:\/\/www.spreadshop.com\/de\/blog\/weihnachts-support-2024\/\",\"url\":\"https:\/\/www.spreadshop.com\/de\/blog\/weihnachts-support-2024\/\",\"name\":\"Weihnachten 2024: Alle Bestellfristen und Lieferinfos auf einen Blick | Spreadshop\",\"isPartOf\":{\"@id\":\"https:\/\/www.spreadshop.com\/de\/blog\/#website\"},\"datePublished\":\"2024-11-07T11:10:54+00:00\",\"dateModified\":\"2024-11-13T10:52:03+00:00\",\"description\":\"Hier findest du auf einen Blick alle Informationen zu unseren Lieferzeiten, Bestellfristen und zur aktuellen Auslastung.\",\"breadcrumb\":{\"@id\":\"https:\/\/www.spreadshop.com\/de\/blog\/weihnachts-support-2024\/#breadcrumb\"},\"inLanguage\":\"de\",\"potentialAction\":[{\"@type\":\"ReadAction\",\"target\":[\"https:\/\/www.spreadshop.com\/de\/blog\/weihnachts-support-2024\/\"]}]},{\"@type\":\"BreadcrumbList\",\"@id\":\"https:\/\/www.spreadshop.com\/de\/blog\/weihnachts-support-2024\/#breadcrumb\",\"itemListElement\":[{\"@type\":\"ListItem\",\"position\":1,\"name\":\"Home\",\"item\":\"https:\/\/www.spreadshop.com\/de\/blog\/\"},{\"@type\":\"ListItem\",\"position\":2,\"name\":\"Weihnachten 2024: Alle Bestellfristen und Lieferinfos auf einen Blick\"}]},{\"@type\":\"WebSite\",\"@id\":\"https:\/\/www.spreadshop.com\/de\/blog\/#website\",\"url\":\"https:\/\/www.spreadshop.com\/de\/blog\/\",\"name\":\"Das Spreadshop Blog\",\"description\":\"Alles was Du \u00fcber Spreadshop wissen musst\",\"potentialAction\":[{\"@type\":\"SearchAction\",\"target\":{\"@type\":\"EntryPoint\",\"urlTemplate\":\"https:\/\/www.spreadshop.com\/de\/blog\/?s={search_term_string}\"},\"query-input\":\"required name=search_term_string\"}],\"inLanguage\":\"de\"}]}<\/script>\n<!-- \/ Yoast SEO plugin. -->","yoast_head_json":{"title":"Weihnachten 2024: Alle Bestellfristen und Lieferinfos auf einen Blick | Spreadshop","description":"Hier findest du auf einen Blick alle Informationen zu unseren Lieferzeiten, Bestellfristen und zur aktuellen Auslastung.","robots":{"index":"index","follow":"follow","max-snippet":"max-snippet:-1","max-image-preview":"max-image-preview:large","max-video-preview":"max-video-preview:-1"},"canonical":"https:\/\/www.spreadshop.com\/de\/blog\/weihnachts-support-2024\/","og_locale":"de_DE","og_type":"article","og_title":"Weihnachten 2024: Alle Bestellfristen und Lieferinfos auf einen Blick | Spreadshop","og_description":"Hier findest du auf einen Blick alle Informationen zu unseren Lieferzeiten, Bestellfristen und zur aktuellen Auslastung.","og_url":"https:\/\/www.spreadshop.com\/de\/blog\/weihnachts-support-2024\/","og_site_name":"Das Spreadshop Blog","article_modified_time":"2024-11-13T10:52:03+00:00","og_image":[{"width":1400,"height":800,"url":"https:\/\/images.spreadshop.com\/images\/f_auto,q_auto\/v1731494815\/blog\/Blog_header-1\/Blog_header-1.png?_i=AA","type":"image\/png"}],"twitter_misc":{"Gesch\u00e4tzte Lesezeit":"2\u00a0Minuten"},"schema":{"@context":"https:\/\/schema.org","@graph":[{"@type":"WebPage","@id":"https:\/\/www.spreadshop.com\/de\/blog\/weihnachts-support-2024\/","url":"https:\/\/www.spreadshop.com\/de\/blog\/weihnachts-support-2024\/","name":"Weihnachten 2024: Alle Bestellfristen und Lieferinfos auf einen Blick | Spreadshop","isPartOf":{"@id":"https:\/\/www.spreadshop.com\/de\/blog\/#website"},"datePublished":"2024-11-07T11:10:54+00:00","dateModified":"2024-11-13T10:52:03+00:00","description":"Hier findest du auf einen Blick alle Informationen zu unseren Lieferzeiten, Bestellfristen und zur aktuellen Auslastung.","breadcrumb":{"@id":"https:\/\/www.spreadshop.com\/de\/blog\/weihnachts-support-2024\/#breadcrumb"},"inLanguage":"de","potentialAction":[{"@type":"ReadAction","target":["https:\/\/www.spreadshop.com\/de\/blog\/weihnachts-support-2024\/"]}]},{"@type":"BreadcrumbList","@id":"https:\/\/www.spreadshop.com\/de\/blog\/weihnachts-support-2024\/#breadcrumb","itemListElement":[{"@type":"ListItem","position":1,"name":"Home","item":"https:\/\/www.spreadshop.com\/de\/blog\/"},{"@type":"ListItem","position":2,"name":"Weihnachten 2024: Alle Bestellfristen und Lieferinfos auf einen Blick"}]},{"@type":"WebSite","@id":"https:\/\/www.spreadshop.com\/de\/blog\/#website","url":"https:\/\/www.spreadshop.com\/de\/blog\/","name":"Das Spreadshop Blog","description":"Alles was Du \u00fcber Spreadshop wissen musst","potentialAction":[{"@type":"SearchAction","target":{"@type":"EntryPoint","urlTemplate":"https:\/\/www.spreadshop.com\/de\/blog\/?s={search_term_string}"},"query-input":"required name=search_term_string"}],"inLanguage":"de"}]}},"_links":{"self":[{"href":"https:\/\/www.spreadshop.com\/de\/blog\/wp-json\/wp\/v2\/pages\/44017"}],"collection":[{"href":"https:\/\/www.spreadshop.com\/de\/blog\/wp-json\/wp\/v2\/pages"}],"about":[{"href":"https:\/\/www.spreadshop.com\/de\/blog\/wp-json\/wp\/v2\/types\/page"}],"author":[{"embeddable":true,"href":"https:\/\/www.spreadshop.com\/de\/blog\/wp-json\/wp\/v2\/users\/829"}],"replies":[{"embeddable":true,"href":"https:\/\/www.spreadshop.com\/de\/blog\/wp-json\/wp\/v2\/comments?post=44017"}],"version-history":[{"count":7,"href":"https:\/\/www.spreadshop.com\/de\/blog\/wp-json\/wp\/v2\/pages\/44017\/revisions"}],"predecessor-version":[{"id":44027,"href":"https:\/\/www.spreadshop.com\/de\/blog\/wp-json\/wp\/v2\/pages\/44017\/revisions\/44027"}],"wp:featuredmedia":[{"embeddable":true,"href":"https:\/\/www.spreadshop.com\/de\/blog\/wp-json\/wp\/v2\/media\/44025"}],"wp:attachment":[{"href":"https:\/\/www.spreadshop.com\/de\/blog\/wp-json\/wp\/v2\/media?parent=44017"}],"curies":[{"name":"wp","href":"https:\/\/api.w.org\/{rel}","templated":true}]}}